{"id":6904,"date":"2023-06-22T14:44:43","date_gmt":"2023-06-22T12:44:43","guid":{"rendered":"https:\/\/monopolitourism.com\/wp-content\/uploads\/2023\/06\/BANDIERA_BLU_2023_06.jpg"},"modified":"2023-06-22T14:44:43","modified_gmt":"2023-06-22T12:44:43","slug":"bandiera_blu_2023_06-2","status":"inherit","type":"attachment","link":"https:\/\/monopolitourism.com\/en\/bandiera_blu_2023_06-2\/","title":{"rendered":"BANDIERA_BLU_2023_06"},"author":15,"comment_status":"closed","ping_status":"closed","template":"","meta":[],"acf":[],"description":{"rendered":"<p class=\"attachment\"><a href='https:\/\/monopolitourism.com\/wp-content\/uploads\/2023\/06\/BANDIERA_BLU_2023_06.jpg'><img width=\"300\" height=\"169\" src=\"https:\/\/monopolitourism.com\/wp-content\/uploads\/2023\/06\/BANDIERA_BLU_2023_06.jpg\" class=\"attachment-medium size-medium\" alt=\"\" decoding=\"async\" loading=\"lazy\" \/><\/a><\/p>\n<!-- Begin Yuzo --><div class='yuzo_related_post style-2'  data-version='5.12.82'><!-- without result --><div class='yuzo_clearfixed yuzo__title yuzo__title'><h4>Potrebbe interessarti...<\/h4><\/div>\n\t\t\t\t\t\t<div class=\"relatedthumb yuzo-list  \" style=\"\"  >  \n\t\t\t\t\t\t  <a  href=\"https:\/\/monopolitourism.com\/en\/2016\/05\/04\/21-22-luglio-street-art\/\" class=\"image-list\"  >\n\t\t\t\t\t\t  <div class=\"yuzo-img-wrap  ilen_shine \" style=\"width: 165px;height:130px;\">\n\t\t\t\t\t\t\t\t\t <span class='shine-effect'><\/span> \n\t\t\t\t\t\t\t\t\t <div class=\"yuzo-img\" style=\"background:url('https:\/\/monopolitourism.com\/wp-content\/uploads\/2016\/05\/street-art-300x200.jpg') 50% 50% no-repeat;width: 170px;height:130px;margin-bottom: 5px;background-size:  cover;  \"><\/div>\n\t\t\t\t\t\t  <\/div>\n\t\t\t\t\t\t  <\/a>\n\t\t\t\t\t\t  <a  class=\"link-list yuzo__text--title\" href=\"https:\/\/monopolitourism.com\/en\/2016\/05\/04\/21-22-luglio-street-art\/\" style=\"font-size:16px;font-weight:bold;;line-height:24px;\"> 21\/22 luglio \u2013 Street Art  <\/a>\n\t\t\t\t\t\t\t\t<span class=\"yuzo_text\" style=\"font-size:12px;\" >Street Art\r\n\r\n21\/22 luglio\u00a0\u201916\r\n\r\n\"STREET ART\" \u00e8 il titolo di un singolare, ricercato e variegtato evento che si terr\u00e0 nelle date del 21 e 22 luglio '16, a partire dalle ore 21.00 alle ore 24.00. La manifestazione coinvolger\u00e0 la centrale piazza \"Vittorio Emanuele\", sita nel cuore del murattiano della citt\u00e0, ed alcuni dei pi\u00f9 suggestivi scorci e pia...<\/span>\n\t\t\t\t\t\t   \n\t\t\t\t\t\t<\/div>\n\t\t\t\t\t\t<div class=\"relatedthumb yuzo-list  \" style=\"\"  >  \n\t\t\t\t\t\t  <a  href=\"https:\/\/monopolitourism.com\/en\/2022\/09\/21\/the-european-heritage-days-ehd-are-back\/\" class=\"image-list\"  >\n\t\t\t\t\t\t  <div class=\"yuzo-img-wrap  ilen_shine \" style=\"width: 165px;height:130px;\">\n\t\t\t\t\t\t\t\t\t <span class='shine-effect'><\/span> \n\t\t\t\t\t\t\t\t\t <div class=\"yuzo-img\" style=\"background:url('https:\/\/monopolitourism.com\/wp-content\/uploads\/2022\/09\/GEP_Card-300x169.png') 50% 50% no-repeat;width: 170px;height:130px;margin-bottom: 5px;background-size:  cover;  \"><\/div>\n\t\t\t\t\t\t  <\/div>\n\t\t\t\t\t\t  <\/a>\n\t\t\t\t\t\t  <a  class=\"link-list yuzo__text--title\" href=\"https:\/\/monopolitourism.com\/en\/2022\/09\/21\/the-european-heritage-days-ehd-are-back\/\" style=\"font-size:16px;font-weight:bold;;line-height:24px;\"> The \u201cEuropean Heritage Days\u201d (EHD) are back  <\/a>\n\t\t\t\t\t\t\t\t<span class=\"yuzo_text\" style=\"font-size:12px;\" >Monopoli\u2019s Cultural Assessor, Rosanna Perricci, will join the European Heritage Days (EHD) on Saturday 24\/09 and Sunday 25\/09, the biggest and most widespread cultural event in Europe.\r\n\r\nThis edition topic is \u201cSustainable cultural heritage: a legacy for the future\u201d, recalling the European slogan \u201cSustainable Heritage\u201d chosen by the European Counci...<\/span>\n\t\t\t\t\t\t   \n\t\t\t\t\t\t<\/div>\n\t\t\t\t\t\t<div class=\"relatedthumb yuzo-list  \" style=\"\"  >  \n\t\t\t\t\t\t  <a  href=\"https:\/\/monopolitourism.com\/en\/2016\/02\/17\/8th-of-december-the-feast-of-santa-lucia\/\" class=\"image-list\"  >\n\t\t\t\t\t\t  <div class=\"yuzo-img-wrap  ilen_shine \" style=\"width: 165px;height:130px;\">\n\t\t\t\t\t\t\t\t\t <span class='shine-effect'><\/span> \n\t\t\t\t\t\t\t\t\t <div class=\"yuzo-img\" style=\"background:url('https:\/\/monopolitourism.com\/wp-content\/uploads\/2016\/02\/festa-di-santa-lucia-monopoli-5-300x200.jpg') 50% 50% no-repeat;width: 170px;height:130px;margin-bottom: 5px;background-size:  cover;  \"><\/div>\n\t\t\t\t\t\t  <\/div>\n\t\t\t\t\t\t  <\/a>\n\t\t\t\t\t\t  <a  class=\"link-list yuzo__text--title\" href=\"https:\/\/monopolitourism.com\/en\/2016\/02\/17\/8th-of-december-the-feast-of-santa-lucia\/\" style=\"font-size:16px;font-weight:bold;;line-height:24px;\"> 8th of December \u2013 the Feast of Santa Lucia  <\/a>\n\t\t\t\t\t\t\t\t<span class=\"yuzo_text\" style=\"font-size:12px;\" >The Saint of the light\r\n\r\nOn the afternoon of the 12th of December, which is the eve of the feast of Santa Lucia, the traditional fair is held in the streets of the town centre (via Cavour) and lasts the whole night and the following day. All the illuminations placed in front of the church of Santa Lucia together with the Christmas lights of the ba...<\/span>\n\t\t\t\t\t\t   \n\t\t\t\t\t\t<\/div>\n\t\t\t\t\t\t<div class=\"relatedthumb yuzo-list  \" style=\"\"  >  \n\t\t\t\t\t\t  <a  href=\"https:\/\/monopolitourism.com\/en\/2022\/02\/18\/monopoli-all-year-round-all-the-events-scheduled-for-2022\/\" class=\"image-list\"  >\n\t\t\t\t\t\t  <div class=\"yuzo-img-wrap  ilen_shine \" style=\"width: 165px;height:130px;\">\n\t\t\t\t\t\t\t\t\t <span class='shine-effect'><\/span> \n\t\t\t\t\t\t\t\t\t <div class=\"yuzo-img\" style=\"background:url('https:\/\/monopolitourism.com\/wp-content\/uploads\/2022\/02\/logo_estate_2022-300x176.jpg') 50% 50% no-repeat;width: 170px;height:130px;margin-bottom: 5px;background-size:  cover;  \"><\/div>\n\t\t\t\t\t\t  <\/div>\n\t\t\t\t\t\t  <\/a>\n\t\t\t\t\t\t  <a  class=\"link-list yuzo__text--title\" href=\"https:\/\/monopolitourism.com\/en\/2022\/02\/18\/monopoli-all-year-round-all-the-events-scheduled-for-2022\/\" style=\"font-size:16px;font-weight:bold;;line-height:24px;\"> Monopoli All Year Round: All the Events Scheduled ...  <\/a>\n\t\t\t\t\t\t\t\t<span class=\"yuzo_text\" style=\"font-size:12px;\" >A calendar almost a year long. The \"Prospero Rendella\" Library this morning hosted the presentation of all the events that from February to December are part of the season of initiatives of the Municipality of Monopoli. With deliberation no.28 of 10 February 2022, the City Council of Monopoli has in fact approved the act of address for strategic ev...<\/span>\n\t\t\t\t\t\t   \n\t\t\t\t\t\t<\/div>\n<\/div> <style>\n\t\t\t\t\t\t.yuzo_related_post .relatedthumb { background: !important; -webkit-transition: background 0.2s linear; -moz-transition: background 0.2s linear; -o-transition: background 0.2s linear; transition: background 0.2s linear;;color:!important; }\n\t\t\t\t\t\t.yuzo_related_post .relatedthumb:hover{background:#f7f7f7 !important;color:!important;}\n\t\t\t\t\t\t.yuzo_related_post .yuzo_text {color:!important;}\n\t\t\t\t\t\t.yuzo_related_post .relatedthumb:hover .yuzo_text {color:!important;}\n\t\t\t\t\t\t.yuzo_related_post .relatedthumb a{color:!important;}\n\t\t\t\t\t\t.yuzo_related_post .relatedthumb a:hover{color:!important;}\n\t\t\t\t\t\t.yuzo_related_post .relatedthumb:hover a{ color:!important;}\n\t\t\t\t\t\t.yuzo_related_post .relatedthumb{  margin: 0px  0px  0px  0px;   padding: 20px  5px  5px  5px;  }\n\t\t\t\t\t\t.yuzo_related_post .relatedthumb{}\n\t\t\t\t\t\t<\/style>  <!-- End Yuzo :) -->"},"caption":{"rendered":"<p>Potrebbe interessarti&#8230; Costa dei Trulli Festival \u2013 3a edizione \u2013 20&#8230; The Castle of Monopoli It\u2019s impossible to visit Monopoli without&#8230;<\/p>\n"},"alt_text":"","media_type":"image","mime_type":"image\/jpeg","media_details":{"width":4000,"height":2250,"file":"2023\/06\/BANDIERA_BLU_2023_06.jpg","filesize":2009301,"sizes":{},"image_meta":{"aperture":"2","credit":"","camera":"SM-A127F","caption":"","created_timestamp":"1687376091","copyright":"","focal_length":"4.6","iso":"20","shutter_speed":"0.003921568627451","title":"","orientation":"1","keywords":[]}},"post":null,"source_url":"https:\/\/monopolitourism.com\/wp-content\/uploads\/2023\/06\/BANDIERA_BLU_2023_06.jpg","_links":{"self":[{"href":"https:\/\/monopolitourism.com\/en\/wp-json\/wp\/v2\/media\/6904"}],"collection":[{"href":"https:\/\/monopolitourism.com\/en\/wp-json\/wp\/v2\/media"}],"about":[{"href":"https:\/\/monopolitourism.com\/en\/wp-json\/wp\/v2\/types\/attachment"}],"author":[{"embeddable":true,"href":"https:\/\/monopolitourism.com\/en\/wp-json\/wp\/v2\/users\/15"}],"replies":[{"embeddable":true,"href":"https:\/\/monopolitourism.com\/en\/wp-json\/wp\/v2\/comments?post=6904"}]}}

<p class="attachment"><a href='https://monopolitourism.com/wp-content/uploads/2023/06/BANDIERA_BLU_2023_06.jpg'><img width="300" height="169" src="https://monopolitourism.com/wp-content/uploads/2023/06/BANDIERA_BLU_2023_06.jpg" class="attachment-medium size-medium" alt="" decoding="async" loading="lazy" /></a></p>
<!-- Begin Yuzo --><div class='yuzo_related_post style-2'  data-version='5.12.82'><!-- without result --><div class='yuzo_clearfixed yuzo__title yuzo__title'><h4>Potrebbe interessarti...</h4></div>
						<div class="relatedthumb yuzo-list  " style=""  >  
						  <a  href="https://monopolitourism.com/en/2016/05/04/21-22-luglio-street-art/" class="image-list"  >
						  <div class="yuzo-img-wrap  ilen_shine " style="width: 165px;height:130px;">
									 <span class='shine-effect'></span> 
									 <div class="yuzo-img" style="background:url('https://monopolitourism.com/wp-content/uploads/2016/05/street-art-300x200.jpg') 50% 50% no-repeat;width: 170px;height:130px;margin-bottom: 5px;background-size:  cover;  "></div>
						  </div>
						  </a>
						  <a  class="link-list yuzo__text--title" href="https://monopolitourism.com/en/2016/05/04/21-22-luglio-street-art/" style="font-size:16px;font-weight:bold;;line-height:24px;"> 21/22 luglio – Street Art  </a>
								<span class="yuzo_text" style="font-size:12px;" >Street Art

21/22 luglio ’16

"STREET ART" è il titolo di un singolare, ricercato e variegtato evento che si terrà nelle date del 21 e 22 luglio '16, a partire dalle ore 21.00 alle ore 24.00. La manifestazione coinvolgerà la centrale piazza "Vittorio Emanuele", sita nel cuore del murattiano della città, ed alcuni dei più suggestivi scorci e pia...</span>
						   
						</div>
						<div class="relatedthumb yuzo-list  " style=""  >  
						  <a  href="https://monopolitourism.com/en/2022/09/21/the-european-heritage-days-ehd-are-back/" class="image-list"  >
						  <div class="yuzo-img-wrap  ilen_shine " style="width: 165px;height:130px;">
									 <span class='shine-effect'></span> 
									 <div class="yuzo-img" style="background:url('https://monopolitourism.com/wp-content/uploads/2022/09/GEP_Card-300x169.png') 50% 50% no-repeat;width: 170px;height:130px;margin-bottom: 5px;background-size:  cover;  "></div>
						  </div>
						  </a>
						  <a  class="link-list yuzo__text--title" href="https://monopolitourism.com/en/2022/09/21/the-european-heritage-days-ehd-are-back/" style="font-size:16px;font-weight:bold;;line-height:24px;"> The “European Heritage Days” (EHD) are back  </a>
								<span class="yuzo_text" style="font-size:12px;" >Monopoli’s Cultural Assessor, Rosanna Perricci, will join the European Heritage Days (EHD) on Saturday 24/09 and Sunday 25/09, the biggest and most widespread cultural event in Europe.

This edition topic is “Sustainable cultural heritage: a legacy for the future”, recalling the European slogan “Sustainable Heritage” chosen by the European Counci...</span>
						   
						</div>
						<div class="relatedthumb yuzo-list  " style=""  >  
						  <a  href="https://monopolitourism.com/en/2016/02/17/8th-of-december-the-feast-of-santa-lucia/" class="image-list"  >
						  <div class="yuzo-img-wrap  ilen_shine " style="width: 165px;height:130px;">
									 <span class='shine-effect'></span> 
									 <div class="yuzo-img" style="background:url('https://monopolitourism.com/wp-content/uploads/2016/02/festa-di-santa-lucia-monopoli-5-300x200.jpg') 50% 50% no-repeat;width: 170px;height:130px;margin-bottom: 5px;background-size:  cover;  "></div>
						  </div>
						  </a>
						  <a  class="link-list yuzo__text--title" href="https://monopolitourism.com/en/2016/02/17/8th-of-december-the-feast-of-santa-lucia/" style="font-size:16px;font-weight:bold;;line-height:24px;"> 8th of December – the Feast of Santa Lucia  </a>
								<span class="yuzo_text" style="font-size:12px;" >The Saint of the light

On the afternoon of the 12th of December, which is the eve of the feast of Santa Lucia, the traditional fair is held in the streets of the town centre (via Cavour) and lasts the whole night and the following day. All the illuminations placed in front of the church of Santa Lucia together with the Christmas lights of the ba...</span>
						   
						</div>
						<div class="relatedthumb yuzo-list  " style=""  >  
						  <a  href="https://monopolitourism.com/en/2022/02/18/monopoli-all-year-round-all-the-events-scheduled-for-2022/" class="image-list"  >
						  <div class="yuzo-img-wrap  ilen_shine " style="width: 165px;height:130px;">
									 <span class='shine-effect'></span> 
									 <div class="yuzo-img" style="background:url('https://monopolitourism.com/wp-content/uploads/2022/02/logo_estate_2022-300x176.jpg') 50% 50% no-repeat;width: 170px;height:130px;margin-bottom: 5px;background-size:  cover;  "></div>
						  </div>
						  </a>
						  <a  class="link-list yuzo__text--title" href="https://monopolitourism.com/en/2022/02/18/monopoli-all-year-round-all-the-events-scheduled-for-2022/" style="font-size:16px;font-weight:bold;;line-height:24px;"> Monopoli All Year Round: All the Events Scheduled ...  </a>
								<span class="yuzo_text" style="font-size:12px;" >A calendar almost a year long. The "Prospero Rendella" Library this morning hosted the presentation of all the events that from February to December are part of the season of initiatives of the Municipality of Monopoli. With deliberation no.28 of 10 February 2022, the City Council of Monopoli has in fact approved the act of address for strategic ev...</span>
						   
						</div>
</div> <style>
						.yuzo_related_post .relatedthumb { background: !important; -webkit-transition: background 0.2s linear; -moz-transition: background 0.2s linear; -o-transition: background 0.2s linear; transition: background 0.2s linear;;color:!important; }
						.yuzo_related_post .relatedthumb:hover{background:#f7f7f7 !important;color:!important;}
						.yuzo_related_post .yuzo_text {color:!important;}
						.yuzo_related_post .relatedthumb:hover .yuzo_text {color:!important;}
						.yuzo_related_post .relatedthumb a{color:!important;}
						.yuzo_related_post .relatedthumb a:hover{color:!important;}
						.yuzo_related_post .relatedthumb:hover a{ color:!important;}
						.yuzo_related_post .relatedthumb{  margin: 0px  0px  0px  0px;   padding: 20px  5px  5px  5px;  }
						.yuzo_related_post .relatedthumb{}
						</style>  <!-- End Yuzo :) -->
