{"id":6909,"date":"2023-07-04T11:31:08","date_gmt":"2023-07-04T09:31:08","guid":{"rendered":"https:\/\/monopolitourism.com\/wp-content\/uploads\/2023\/07\/Copia-di-POST_Exhibit.png"},"modified":"2023-07-04T11:31:08","modified_gmt":"2023-07-04T09:31:08","slug":"copia-di-post_exhibit-2","status":"inherit","type":"attachment","link":"https:\/\/monopolitourism.com\/en\/copia-di-post_exhibit-2\/","title":{"rendered":"Copia di POST_Exhibit"},"author":15,"comment_status":"closed","ping_status":"closed","template":"","meta":[],"acf":[],"description":{"rendered":"<p class=\"attachment\"><a href='https:\/\/monopolitourism.com\/wp-content\/uploads\/2023\/07\/Copia-di-POST_Exhibit.png'><img width=\"300\" height=\"300\" src=\"https:\/\/monopolitourism.com\/wp-content\/uploads\/2023\/07\/Copia-di-POST_Exhibit.png\" class=\"attachment-medium size-medium\" alt=\"\" decoding=\"async\" loading=\"lazy\" \/><\/a><\/p>\n<!-- Begin Yuzo --><div class='yuzo_related_post style-2'  data-version='5.12.82'><!-- without result --><div class='yuzo_clearfixed yuzo__title yuzo__title'><h4>Potrebbe interessarti...<\/h4><\/div>\n\t\t\t\t\t\t<div class=\"relatedthumb yuzo-list  \" style=\"\"  >  \n\t\t\t\t\t\t  <a  href=\"https:\/\/monopolitourism.com\/en\/2021\/06\/30\/la-forma-del-colore-the-shape-of-colour-the-personal-exhibition-of-iginio-iurilli-at-the-castle-from-july-3rd\/\" class=\"image-list\"  >\n\t\t\t\t\t\t  <div class=\"yuzo-img-wrap  ilen_shine \" style=\"width: 165px;height:130px;\">\n\t\t\t\t\t\t\t\t\t <span class='shine-effect'><\/span> \n\t\t\t\t\t\t\t\t\t <div class=\"yuzo-img\" style=\"background:url('https:\/\/monopolitourism.com\/wp-content\/uploads\/2021\/06\/banner-evento-300x169.jpg') 50% 50% no-repeat;width: 170px;height:130px;margin-bottom: 5px;background-size:  cover;  \"><\/div>\n\t\t\t\t\t\t  <\/div>\n\t\t\t\t\t\t  <\/a>\n\t\t\t\t\t\t  <a  class=\"link-list yuzo__text--title\" href=\"https:\/\/monopolitourism.com\/en\/2021\/06\/30\/la-forma-del-colore-the-shape-of-colour-the-personal-exhibition-of-iginio-iurilli-at-the-castle-from-july-3rd\/\" style=\"font-size:16px;font-weight:bold;;line-height:24px;\"> \u201cLA FORMA DEL COLORE\u201d (THE SHAPE OF COLOUR) the pe...  <\/a>\n\t\t\t\t\t\t\t\t<span class=\"yuzo_text\" style=\"font-size:12px;\" >From July 3rd to October 31st\r\n\r\n\u201cLA FORMA DEL COLORE\u201d (THE SHAPE OF COLOUR)\u00a0\r\n\r\nPersonal exhibition of IGINIO IURILLI\r\n\r\nCurated by Lorenzo Canova\r\n\r\nA retrospective dedicated to sculpture with unpublished works and others never exhibited in Puglia: entitled \"The Shape of Colour\" the personal exhibition of Iginio Iurilli, curated by Lorenzo Canova...<\/span>\n\t\t\t\t\t\t   \n\t\t\t\t\t\t<\/div>\n\t\t\t\t\t\t<div class=\"relatedthumb yuzo-list  \" style=\"\"  >  \n\t\t\t\t\t\t  <a  href=\"https:\/\/monopolitourism.com\/en\/2016\/05\/04\/1213-luglio-orecchiette-eccellenze-made-in-puglia\/\" class=\"image-list\"  >\n\t\t\t\t\t\t  <div class=\"yuzo-img-wrap  ilen_shine \" style=\"width: 165px;height:130px;\">\n\t\t\t\t\t\t\t\t\t <span class='shine-effect'><\/span> \n\t\t\t\t\t\t\t\t\t <div class=\"yuzo-img\" style=\"background:url('https:\/\/monopolitourism.com\/wp-content\/uploads\/2016\/05\/Logo_Orecchiette-300x200.jpg') 50% 50% no-repeat;width: 170px;height:130px;margin-bottom: 5px;background-size:  cover;  \"><\/div>\n\t\t\t\t\t\t  <\/div>\n\t\t\t\t\t\t  <\/a>\n\t\t\t\t\t\t  <a  class=\"link-list yuzo__text--title\" href=\"https:\/\/monopolitourism.com\/en\/2016\/05\/04\/1213-luglio-orecchiette-eccellenze-made-in-puglia\/\" style=\"font-size:16px;font-weight:bold;;line-height:24px;\"> 12\/13 luglio \u2013 Orecchiette  <\/a>\n\t\t\t\t\t\t\t\t<span class=\"yuzo_text\" style=\"font-size:12px;\" >Orecchiette, eccellenze made in Puglia\r\n\r\n12\/13 luglio\u00a0\u201916\r\nEccellenza e identit\u00e0 Puglia. Questo il leitmotiv dell'edizione 2016 di \"Orecchiette - Eccellenze made in Puglia\".\u00a0Sul palcoscenico di una delle pi\u00f9 affascinanti citt\u00e0 di Puglia, Monopoli, andr\u00e0 in scena il meglio della produzione pugliese. Protagonista principale l'orecchietta, indiscusso...<\/span>\n\t\t\t\t\t\t   \n\t\t\t\t\t\t<\/div>\n\t\t\t\t\t\t<div class=\"relatedthumb yuzo-list  \" style=\"\"  >  \n\t\t\t\t\t\t  <a  href=\"https:\/\/monopolitourism.com\/en\/2016\/02\/01\/the-castle-of-monopoli\/\" class=\"image-list\"  >\n\t\t\t\t\t\t  <div class=\"yuzo-img-wrap  ilen_shine \" style=\"width: 165px;height:130px;\">\n\t\t\t\t\t\t\t\t\t <span class='shine-effect'><\/span> \n\t\t\t\t\t\t\t\t\t <div class=\"yuzo-img\" style=\"background:url('https:\/\/monopolitourism.com\/wp-content\/uploads\/2016\/02\/castello-di-monopoli-4-300x200.jpg') 50% 50% no-repeat;width: 170px;height:130px;margin-bottom: 5px;background-size:  cover;  \"><\/div>\n\t\t\t\t\t\t  <\/div>\n\t\t\t\t\t\t  <\/a>\n\t\t\t\t\t\t  <a  class=\"link-list yuzo__text--title\" href=\"https:\/\/monopolitourism.com\/en\/2016\/02\/01\/the-castle-of-monopoli\/\" style=\"font-size:16px;font-weight:bold;;line-height:24px;\"> The Castle of Monopoli  <\/a>\n\t\t\t\t\t\t\t\t<span class=\"yuzo_text\" style=\"font-size:12px;\" >It\u2019s impossible to visit Monopoli without admiring its castle in the town\u2019s historical centre. Of great architectural interest it was constructed in the 1500s on a promontory reaching into the sea, the fortress was part of the coastal fortifications decided by Charles V of Spain (followed by Don Pedro of Toledo).\r\n\r\nThe manor house, of which the ea...<\/span>\n\t\t\t\t\t\t   \n\t\t\t\t\t\t<\/div>\n\t\t\t\t\t\t<div class=\"relatedthumb yuzo-list  \" style=\"\"  >  \n\t\t\t\t\t\t  <a  href=\"https:\/\/monopolitourism.com\/en\/2022\/02\/18\/monopoli-all-year-round-all-the-events-scheduled-for-2022\/\" class=\"image-list\"  >\n\t\t\t\t\t\t  <div class=\"yuzo-img-wrap  ilen_shine \" style=\"width: 165px;height:130px;\">\n\t\t\t\t\t\t\t\t\t <span class='shine-effect'><\/span> \n\t\t\t\t\t\t\t\t\t <div class=\"yuzo-img\" style=\"background:url('https:\/\/monopolitourism.com\/wp-content\/uploads\/2022\/02\/logo_estate_2022-300x176.jpg') 50% 50% no-repeat;width: 170px;height:130px;margin-bottom: 5px;background-size:  cover;  \"><\/div>\n\t\t\t\t\t\t  <\/div>\n\t\t\t\t\t\t  <\/a>\n\t\t\t\t\t\t  <a  class=\"link-list yuzo__text--title\" href=\"https:\/\/monopolitourism.com\/en\/2022\/02\/18\/monopoli-all-year-round-all-the-events-scheduled-for-2022\/\" style=\"font-size:16px;font-weight:bold;;line-height:24px;\"> Monopoli All Year Round: All the Events Scheduled ...  <\/a>\n\t\t\t\t\t\t\t\t<span class=\"yuzo_text\" style=\"font-size:12px;\" >A calendar almost a year long. The \"Prospero Rendella\" Library this morning hosted the presentation of all the events that from February to December are part of the season of initiatives of the Municipality of Monopoli. With deliberation no.28 of 10 February 2022, the City Council of Monopoli has in fact approved the act of address for strategic ev...<\/span>\n\t\t\t\t\t\t   \n\t\t\t\t\t\t<\/div>\n<\/div> <style>\n\t\t\t\t\t\t.yuzo_related_post .relatedthumb { background: !important; -webkit-transition: background 0.2s linear; -moz-transition: background 0.2s linear; -o-transition: background 0.2s linear; transition: background 0.2s linear;;color:!important; }\n\t\t\t\t\t\t.yuzo_related_post .relatedthumb:hover{background:#f7f7f7 !important;color:!important;}\n\t\t\t\t\t\t.yuzo_related_post .yuzo_text {color:!important;}\n\t\t\t\t\t\t.yuzo_related_post .relatedthumb:hover .yuzo_text {color:!important;}\n\t\t\t\t\t\t.yuzo_related_post .relatedthumb a{color:!important;}\n\t\t\t\t\t\t.yuzo_related_post .relatedthumb a:hover{color:!important;}\n\t\t\t\t\t\t.yuzo_related_post .relatedthumb:hover a{ color:!important;}\n\t\t\t\t\t\t.yuzo_related_post .relatedthumb{  margin: 0px  0px  0px  0px;   padding: 20px  5px  5px  5px;  }\n\t\t\t\t\t\t.yuzo_related_post .relatedthumb{}\n\t\t\t\t\t\t<\/style>  <!-- End Yuzo :) -->"},"caption":{"rendered":"<p>Potrebbe interessarti&#8230; VoxFem 2023 \u2013 Aftermovie Punto vendita mappe, guide turistiche ed editoria Sei un nostalgico della carta? Pensi che una&#8230;<\/p>\n"},"alt_text":"","media_type":"image","mime_type":"image\/png","media_details":{"width":1080,"height":1080,"file":"2023\/07\/Copia-di-POST_Exhibit.png","filesize":75508,"sizes":{},"image_meta":{"aperture":"0","credit":"","camera":"","caption":"","created_timestamp":"0","copyright":"","focal_length":"0","iso":"0","shutter_speed":"0","title":"","orientation":"0","keywords":[]}},"post":null,"source_url":"https:\/\/monopolitourism.com\/wp-content\/uploads\/2023\/07\/Copia-di-POST_Exhibit.png","_links":{"self":[{"href":"https:\/\/monopolitourism.com\/en\/wp-json\/wp\/v2\/media\/6909"}],"collection":[{"href":"https:\/\/monopolitourism.com\/en\/wp-json\/wp\/v2\/media"}],"about":[{"href":"https:\/\/monopolitourism.com\/en\/wp-json\/wp\/v2\/types\/attachment"}],"author":[{"embeddable":true,"href":"https:\/\/monopolitourism.com\/en\/wp-json\/wp\/v2\/users\/15"}],"replies":[{"embeddable":true,"href":"https:\/\/monopolitourism.com\/en\/wp-json\/wp\/v2\/comments?post=6909"}]}}

<p class="attachment"><a href='https://monopolitourism.com/wp-content/uploads/2023/07/Copia-di-POST_Exhibit.png'><img width="300" height="300" src="https://monopolitourism.com/wp-content/uploads/2023/07/Copia-di-POST_Exhibit.png" class="attachment-medium size-medium" alt="" decoding="async" loading="lazy" /></a></p>
<!-- Begin Yuzo --><div class='yuzo_related_post style-2'  data-version='5.12.82'><!-- without result --><div class='yuzo_clearfixed yuzo__title yuzo__title'><h4>Potrebbe interessarti...</h4></div>
						<div class="relatedthumb yuzo-list  " style=""  >  
						  <a  href="https://monopolitourism.com/en/2021/06/30/la-forma-del-colore-the-shape-of-colour-the-personal-exhibition-of-iginio-iurilli-at-the-castle-from-july-3rd/" class="image-list"  >
						  <div class="yuzo-img-wrap  ilen_shine " style="width: 165px;height:130px;">
									 <span class='shine-effect'></span> 
									 <div class="yuzo-img" style="background:url('https://monopolitourism.com/wp-content/uploads/2021/06/banner-evento-300x169.jpg') 50% 50% no-repeat;width: 170px;height:130px;margin-bottom: 5px;background-size:  cover;  "></div>
						  </div>
						  </a>
						  <a  class="link-list yuzo__text--title" href="https://monopolitourism.com/en/2021/06/30/la-forma-del-colore-the-shape-of-colour-the-personal-exhibition-of-iginio-iurilli-at-the-castle-from-july-3rd/" style="font-size:16px;font-weight:bold;;line-height:24px;"> “LA FORMA DEL COLORE” (THE SHAPE OF COLOUR) the pe...  </a>
								<span class="yuzo_text" style="font-size:12px;" >From July 3rd to October 31st

“LA FORMA DEL COLORE” (THE SHAPE OF COLOUR) 

Personal exhibition of IGINIO IURILLI

Curated by Lorenzo Canova

A retrospective dedicated to sculpture with unpublished works and others never exhibited in Puglia: entitled "The Shape of Colour" the personal exhibition of Iginio Iurilli, curated by Lorenzo Canova...</span>
						   
						</div>
						<div class="relatedthumb yuzo-list  " style=""  >  
						  <a  href="https://monopolitourism.com/en/2016/05/04/1213-luglio-orecchiette-eccellenze-made-in-puglia/" class="image-list"  >
						  <div class="yuzo-img-wrap  ilen_shine " style="width: 165px;height:130px;">
									 <span class='shine-effect'></span> 
									 <div class="yuzo-img" style="background:url('https://monopolitourism.com/wp-content/uploads/2016/05/Logo_Orecchiette-300x200.jpg') 50% 50% no-repeat;width: 170px;height:130px;margin-bottom: 5px;background-size:  cover;  "></div>
						  </div>
						  </a>
						  <a  class="link-list yuzo__text--title" href="https://monopolitourism.com/en/2016/05/04/1213-luglio-orecchiette-eccellenze-made-in-puglia/" style="font-size:16px;font-weight:bold;;line-height:24px;"> 12/13 luglio – Orecchiette  </a>
								<span class="yuzo_text" style="font-size:12px;" >Orecchiette, eccellenze made in Puglia

12/13 luglio ’16
Eccellenza e identità Puglia. Questo il leitmotiv dell'edizione 2016 di "Orecchiette - Eccellenze made in Puglia". Sul palcoscenico di una delle più affascinanti città di Puglia, Monopoli, andrà in scena il meglio della produzione pugliese. Protagonista principale l'orecchietta, indiscusso...</span>
						   
						</div>
						<div class="relatedthumb yuzo-list  " style=""  >  
						  <a  href="https://monopolitourism.com/en/2016/02/01/the-castle-of-monopoli/" class="image-list"  >
						  <div class="yuzo-img-wrap  ilen_shine " style="width: 165px;height:130px;">
									 <span class='shine-effect'></span> 
									 <div class="yuzo-img" style="background:url('https://monopolitourism.com/wp-content/uploads/2016/02/castello-di-monopoli-4-300x200.jpg') 50% 50% no-repeat;width: 170px;height:130px;margin-bottom: 5px;background-size:  cover;  "></div>
						  </div>
						  </a>
						  <a  class="link-list yuzo__text--title" href="https://monopolitourism.com/en/2016/02/01/the-castle-of-monopoli/" style="font-size:16px;font-weight:bold;;line-height:24px;"> The Castle of Monopoli  </a>
								<span class="yuzo_text" style="font-size:12px;" >It’s impossible to visit Monopoli without admiring its castle in the town’s historical centre. Of great architectural interest it was constructed in the 1500s on a promontory reaching into the sea, the fortress was part of the coastal fortifications decided by Charles V of Spain (followed by Don Pedro of Toledo).

The manor house, of which the ea...</span>
						   
						</div>
						<div class="relatedthumb yuzo-list  " style=""  >  
						  <a  href="https://monopolitourism.com/en/2022/02/18/monopoli-all-year-round-all-the-events-scheduled-for-2022/" class="image-list"  >
						  <div class="yuzo-img-wrap  ilen_shine " style="width: 165px;height:130px;">
									 <span class='shine-effect'></span> 
									 <div class="yuzo-img" style="background:url('https://monopolitourism.com/wp-content/uploads/2022/02/logo_estate_2022-300x176.jpg') 50% 50% no-repeat;width: 170px;height:130px;margin-bottom: 5px;background-size:  cover;  "></div>
						  </div>
						  </a>
						  <a  class="link-list yuzo__text--title" href="https://monopolitourism.com/en/2022/02/18/monopoli-all-year-round-all-the-events-scheduled-for-2022/" style="font-size:16px;font-weight:bold;;line-height:24px;"> Monopoli All Year Round: All the Events Scheduled ...  </a>
								<span class="yuzo_text" style="font-size:12px;" >A calendar almost a year long. The "Prospero Rendella" Library this morning hosted the presentation of all the events that from February to December are part of the season of initiatives of the Municipality of Monopoli. With deliberation no.28 of 10 February 2022, the City Council of Monopoli has in fact approved the act of address for strategic ev...</span>
						   
						</div>
</div> <style>
						.yuzo_related_post .relatedthumb { background: !important; -webkit-transition: background 0.2s linear; -moz-transition: background 0.2s linear; -o-transition: background 0.2s linear; transition: background 0.2s linear;;color:!important; }
						.yuzo_related_post .relatedthumb:hover{background:#f7f7f7 !important;color:!important;}
						.yuzo_related_post .yuzo_text {color:!important;}
						.yuzo_related_post .relatedthumb:hover .yuzo_text {color:!important;}
						.yuzo_related_post .relatedthumb a{color:!important;}
						.yuzo_related_post .relatedthumb a:hover{color:!important;}
						.yuzo_related_post .relatedthumb:hover a{ color:!important;}
						.yuzo_related_post .relatedthumb{  margin: 0px  0px  0px  0px;   padding: 20px  5px  5px  5px;  }
						.yuzo_related_post .relatedthumb{}
						</style>  <!-- End Yuzo :) -->
