{"id":8378,"date":"2025-10-08T10:23:13","date_gmt":"2025-10-08T08:23:13","guid":{"rendered":"https:\/\/monopolitourism.com\/wp-content\/uploads\/2025\/10\/Festa-dei-Lettori_2025_locandina.png"},"modified":"2025-10-08T10:23:18","modified_gmt":"2025-10-08T08:23:18","slug":"festa-dei-lettori_2025_locandina-2","status":"inherit","type":"attachment","link":"https:\/\/monopolitourism.com\/en\/festa-dei-lettori_2025_locandina-2\/","title":{"rendered":"Festa dei Lettori_2025_locandina"},"author":12,"comment_status":"closed","ping_status":"closed","template":"","meta":[],"acf":[],"description":{"rendered":"<p class=\"attachment\"><a href='https:\/\/monopolitourism.com\/wp-content\/uploads\/2025\/10\/Festa-dei-Lettori_2025_locandina.png'><img width=\"300\" height=\"300\" src=\"https:\/\/monopolitourism.com\/wp-content\/uploads\/2025\/10\/Festa-dei-Lettori_2025_locandina.png\" class=\"attachment-medium size-medium\" alt=\"Al via la 21esima edizione della Festa dei Lettori\n\nDall\u20198 al 19 ottobre 2025 incontri con autori, laboratori, una staffetta letteraria e gli AlberiLibro\" decoding=\"async\" loading=\"lazy\" \/><\/a><\/p>\n<!-- Begin Yuzo --><div class='yuzo_related_post style-2'  data-version='5.12.82'><!-- without result --><div class='yuzo_clearfixed yuzo__title yuzo__title'><h4>Potrebbe interessarti...<\/h4><\/div>\n\t\t\t\t\t\t<div class=\"relatedthumb yuzo-list  \" style=\"\"  >  \n\t\t\t\t\t\t  <a  href=\"https:\/\/monopolitourism.com\/en\/2016\/05\/04\/15-settembre-30-ottobre-phest\/\" class=\"image-list\"  >\n\t\t\t\t\t\t  <div class=\"yuzo-img-wrap  ilen_shine \" style=\"width: 165px;height:130px;\">\n\t\t\t\t\t\t\t\t\t <span class='shine-effect'><\/span> \n\t\t\t\t\t\t\t\t\t <div class=\"yuzo-img\" style=\"background:url('https:\/\/monopolitourism.com\/wp-content\/uploads\/2016\/05\/phest-300x200.jpg') 50% 50% no-repeat;width: 170px;height:130px;margin-bottom: 5px;background-size:  cover;  \"><\/div>\n\t\t\t\t\t\t  <\/div>\n\t\t\t\t\t\t  <\/a>\n\t\t\t\t\t\t  <a  class=\"link-list yuzo__text--title\" href=\"https:\/\/monopolitourism.com\/en\/2016\/05\/04\/15-settembre-30-ottobre-phest\/\" style=\"font-size:16px;font-weight:bold;;line-height:24px;\"> 15 settembre \/ 30 ottobre \u2013 PhEST  <\/a>\n\t\t\t\t\t\t\t\t<span class=\"yuzo_text\" style=\"font-size:12px;\" >PhEST:\u00a0una\u00a0festa\u00a0della\u00a0fotografia\u00a0a\u00a0Monopoli\r\n\r\n15 settembre -\u00a030 ottobre \/ Castello di Monopoli\r\n\r\nPhEST \u00e8 una festa internazionale della fotografia (Photography) che guarda a EST a partire dal punto di vista privilegiato di Monopoli. La prima edizione di quello che diventer\u00e0 un appuntamento fisso per la citt\u00e0 \u00e8 prevista dal 15 settembre al 30 ott...<\/span>\n\t\t\t\t\t\t   \n\t\t\t\t\t\t<\/div>\n\t\t\t\t\t\t<div class=\"relatedthumb yuzo-list  \" style=\"\"  >  \n\t\t\t\t\t\t  <a  href=\"https:\/\/monopolitourism.com\/en\/2016\/11\/15\/fabula\/\" class=\"image-list\"  >\n\t\t\t\t\t\t  <div class=\"yuzo-img-wrap  ilen_shine \" style=\"width: 165px;height:130px;\">\n\t\t\t\t\t\t\t\t\t <span class='shine-effect'><\/span> \n\t\t\t\t\t\t\t\t\t <div class=\"yuzo-img\" style=\"background:url('https:\/\/monopolitourism.com\/wp-content\/uploads\/2016\/12\/Locandina-Fabula-Programma-02-01-300x200.jpg') 50% 50% no-repeat;width: 170px;height:130px;margin-bottom: 5px;background-size:  cover;  \"><\/div>\n\t\t\t\t\t\t  <\/div>\n\t\t\t\t\t\t  <\/a>\n\t\t\t\t\t\t  <a  class=\"link-list yuzo__text--title\" href=\"https:\/\/monopolitourism.com\/en\/2016\/11\/15\/fabula\/\" style=\"font-size:16px;font-weight:bold;;line-height:24px;\"> Fabula  <\/a>\n\t\t\t\t\t\t\t\t<span class=\"yuzo_text\" style=\"font-size:12px;\" ><\/span>\n\t\t\t\t\t\t   \n\t\t\t\t\t\t<\/div>\n\t\t\t\t\t\t<div class=\"relatedthumb yuzo-list  \" style=\"\"  >  \n\t\t\t\t\t\t  <a  href=\"https:\/\/monopolitourism.com\/en\/servizi\/mappe-guide-turistiche-ed-editoria\/\" class=\"image-list\"  >\n\t\t\t\t\t\t  <div class=\"yuzo-img-wrap  ilen_shine \" style=\"width: 165px;height:130px;\">\n\t\t\t\t\t\t\t\t\t <span class='shine-effect'><\/span> \n\t\t\t\t\t\t\t\t\t <div class=\"yuzo-img\" style=\"background:url('https:\/\/monopolitourism.com\/wp-content\/uploads\/2022\/06\/punto_ip-300x169.jpeg') 50% 50% no-repeat;width: 170px;height:130px;margin-bottom: 5px;background-size:  cover;  \"><\/div>\n\t\t\t\t\t\t  <\/div>\n\t\t\t\t\t\t  <\/a>\n\t\t\t\t\t\t  <a  class=\"link-list yuzo__text--title\" href=\"https:\/\/monopolitourism.com\/en\/servizi\/mappe-guide-turistiche-ed-editoria\/\" style=\"font-size:16px;font-weight:bold;;line-height:24px;\"> Punto vendita mappe, guide turistiche ed editoria  <\/a>\n\t\t\t\t\t\t\t\t<span class=\"yuzo_text\" style=\"font-size:12px;\" >Sei un nostalgico della carta? Pensi che una mappa o una guida digitale non diano le stesse emozioni? Vienici a trovare e troverai guide e mappe della Puglia con approfondimenti su ricette, masserie e chiese della bella regione.<\/span>\n\t\t\t\t\t\t   \n\t\t\t\t\t\t<\/div>\n\t\t\t\t\t\t<div class=\"relatedthumb yuzo-list  \" style=\"\"  >  \n\t\t\t\t\t\t  <a  href=\"https:\/\/monopolitourism.com\/en\/2016\/02\/17\/1-sett-maggio-san-francesco-paola\/\" class=\"image-list\"  >\n\t\t\t\t\t\t  <div class=\"yuzo-img-wrap  ilen_shine \" style=\"width: 165px;height:130px;\">\n\t\t\t\t\t\t\t\t\t <span class='shine-effect'><\/span> \n\t\t\t\t\t\t\t\t\t <div class=\"yuzo-img\" style=\"background:url('https:\/\/monopolitourism.com\/wp-content\/uploads\/2016\/02\/san-francesco-da-paola-monopoli-4-300x200.jpg') 50% 50% no-repeat;width: 170px;height:130px;margin-bottom: 5px;background-size:  cover;  \"><\/div>\n\t\t\t\t\t\t  <\/div>\n\t\t\t\t\t\t  <\/a>\n\t\t\t\t\t\t  <a  class=\"link-list yuzo__text--title\" href=\"https:\/\/monopolitourism.com\/en\/2016\/02\/17\/1-sett-maggio-san-francesco-paola\/\" style=\"font-size:16px;font-weight:bold;;line-height:24px;\"> 1st week of may \u2013  San Francesco da Paola  <\/a>\n\t\t\t\t\t\t\t\t<span class=\"yuzo_text\" style=\"font-size:12px;\" >San Francesco da Paola, the former patron saint\r\n\r\nWhat dominates everything is the devotion to the Madonna della Madia, the only patron saint of the town. However, history and tales taken from ancient sources reveal how the devotion for San Francesco da Paola was also very important, and was the secondary patron saint and the current secondary pro...<\/span>\n\t\t\t\t\t\t   \n\t\t\t\t\t\t<\/div>\n<\/div> <style>\n\t\t\t\t\t\t.yuzo_related_post .relatedthumb { background: !important; -webkit-transition: background 0.2s linear; -moz-transition: background 0.2s linear; -o-transition: background 0.2s linear; transition: background 0.2s linear;;color:!important; }\n\t\t\t\t\t\t.yuzo_related_post .relatedthumb:hover{background:#f7f7f7 !important;color:!important;}\n\t\t\t\t\t\t.yuzo_related_post .yuzo_text {color:!important;}\n\t\t\t\t\t\t.yuzo_related_post .relatedthumb:hover .yuzo_text {color:!important;}\n\t\t\t\t\t\t.yuzo_related_post .relatedthumb a{color:!important;}\n\t\t\t\t\t\t.yuzo_related_post .relatedthumb a:hover{color:!important;}\n\t\t\t\t\t\t.yuzo_related_post .relatedthumb:hover a{ color:!important;}\n\t\t\t\t\t\t.yuzo_related_post .relatedthumb{  margin: 0px  0px  0px  0px;   padding: 20px  5px  5px  5px;  }\n\t\t\t\t\t\t.yuzo_related_post .relatedthumb{}\n\t\t\t\t\t\t<\/style>  <!-- End Yuzo :) -->"},"caption":{"rendered":"<p>Potrebbe interessarti&#8230; Immersioni e Snorkeling Hai voglia di vivere un\u2019esperienza indimenticabile? Hai pensato ad un\u2019avventura subacquea? Visiteremo i fondali delle coste&#8230;<\/p>\n"},"alt_text":"Al via la 21esima edizione della Festa dei Lettori\n\nDall\u20198 al 19 ottobre 2025 incontri con autori, laboratori, una staffetta letteraria e gli AlberiLibro","media_type":"image","mime_type":"image\/png","media_details":{"width":1080,"height":1080,"file":"2025\/10\/Festa-dei-Lettori_2025_locandina.png","filesize":1099429,"sizes":{},"image_meta":{"aperture":"0","credit":"","camera":"","caption":"","created_timestamp":"0","copyright":"","focal_length":"0","iso":"0","shutter_speed":"0","title":"","orientation":"0","keywords":[]}},"post":null,"source_url":"https:\/\/monopolitourism.com\/wp-content\/uploads\/2025\/10\/Festa-dei-Lettori_2025_locandina.png","_links":{"self":[{"href":"https:\/\/monopolitourism.com\/en\/wp-json\/wp\/v2\/media\/8378"}],"collection":[{"href":"https:\/\/monopolitourism.com\/en\/wp-json\/wp\/v2\/media"}],"about":[{"href":"https:\/\/monopolitourism.com\/en\/wp-json\/wp\/v2\/types\/attachment"}],"author":[{"embeddable":true,"href":"https:\/\/monopolitourism.com\/en\/wp-json\/wp\/v2\/users\/12"}],"replies":[{"embeddable":true,"href":"https:\/\/monopolitourism.com\/en\/wp-json\/wp\/v2\/comments?post=8378"}]}}

<p class="attachment"><a href='https://monopolitourism.com/wp-content/uploads/2025/10/Festa-dei-Lettori_2025_locandina.png'><img width="300" height="300" src="https://monopolitourism.com/wp-content/uploads/2025/10/Festa-dei-Lettori_2025_locandina.png" class="attachment-medium size-medium" alt="Al via la 21esima edizione della Festa dei Lettori

Dall’8 al 19 ottobre 2025 incontri con autori, laboratori, una staffetta letteraria e gli AlberiLibro" decoding="async" loading="lazy" /></a></p>
<!-- Begin Yuzo --><div class='yuzo_related_post style-2'  data-version='5.12.82'><!-- without result --><div class='yuzo_clearfixed yuzo__title yuzo__title'><h4>Potrebbe interessarti...</h4></div>
						<div class="relatedthumb yuzo-list  " style=""  >  
						  <a  href="https://monopolitourism.com/en/2016/05/04/15-settembre-30-ottobre-phest/" class="image-list"  >
						  <div class="yuzo-img-wrap  ilen_shine " style="width: 165px;height:130px;">
									 <span class='shine-effect'></span> 
									 <div class="yuzo-img" style="background:url('https://monopolitourism.com/wp-content/uploads/2016/05/phest-300x200.jpg') 50% 50% no-repeat;width: 170px;height:130px;margin-bottom: 5px;background-size:  cover;  "></div>
						  </div>
						  </a>
						  <a  class="link-list yuzo__text--title" href="https://monopolitourism.com/en/2016/05/04/15-settembre-30-ottobre-phest/" style="font-size:16px;font-weight:bold;;line-height:24px;"> 15 settembre / 30 ottobre – PhEST  </a>
								<span class="yuzo_text" style="font-size:12px;" >PhEST: una festa della fotografia a Monopoli

15 settembre - 30 ottobre / Castello di Monopoli

PhEST è una festa internazionale della fotografia (Photography) che guarda a EST a partire dal punto di vista privilegiato di Monopoli. La prima edizione di quello che diventerà un appuntamento fisso per la città è prevista dal 15 settembre al 30 ott...</span>
						   
						</div>
						<div class="relatedthumb yuzo-list  " style=""  >  
						  <a  href="https://monopolitourism.com/en/2016/11/15/fabula/" class="image-list"  >
						  <div class="yuzo-img-wrap  ilen_shine " style="width: 165px;height:130px;">
									 <span class='shine-effect'></span> 
									 <div class="yuzo-img" style="background:url('https://monopolitourism.com/wp-content/uploads/2016/12/Locandina-Fabula-Programma-02-01-300x200.jpg') 50% 50% no-repeat;width: 170px;height:130px;margin-bottom: 5px;background-size:  cover;  "></div>
						  </div>
						  </a>
						  <a  class="link-list yuzo__text--title" href="https://monopolitourism.com/en/2016/11/15/fabula/" style="font-size:16px;font-weight:bold;;line-height:24px;"> Fabula  </a>
								<span class="yuzo_text" style="font-size:12px;" ></span>
						   
						</div>
						<div class="relatedthumb yuzo-list  " style=""  >  
						  <a  href="https://monopolitourism.com/en/servizi/mappe-guide-turistiche-ed-editoria/" class="image-list"  >
						  <div class="yuzo-img-wrap  ilen_shine " style="width: 165px;height:130px;">
									 <span class='shine-effect'></span> 
									 <div class="yuzo-img" style="background:url('https://monopolitourism.com/wp-content/uploads/2022/06/punto_ip-300x169.jpeg') 50% 50% no-repeat;width: 170px;height:130px;margin-bottom: 5px;background-size:  cover;  "></div>
						  </div>
						  </a>
						  <a  class="link-list yuzo__text--title" href="https://monopolitourism.com/en/servizi/mappe-guide-turistiche-ed-editoria/" style="font-size:16px;font-weight:bold;;line-height:24px;"> Punto vendita mappe, guide turistiche ed editoria  </a>
								<span class="yuzo_text" style="font-size:12px;" >Sei un nostalgico della carta? Pensi che una mappa o una guida digitale non diano le stesse emozioni? Vienici a trovare e troverai guide e mappe della Puglia con approfondimenti su ricette, masserie e chiese della bella regione.</span>
						   
						</div>
						<div class="relatedthumb yuzo-list  " style=""  >  
						  <a  href="https://monopolitourism.com/en/2016/02/17/1-sett-maggio-san-francesco-paola/" class="image-list"  >
						  <div class="yuzo-img-wrap  ilen_shine " style="width: 165px;height:130px;">
									 <span class='shine-effect'></span> 
									 <div class="yuzo-img" style="background:url('https://monopolitourism.com/wp-content/uploads/2016/02/san-francesco-da-paola-monopoli-4-300x200.jpg') 50% 50% no-repeat;width: 170px;height:130px;margin-bottom: 5px;background-size:  cover;  "></div>
						  </div>
						  </a>
						  <a  class="link-list yuzo__text--title" href="https://monopolitourism.com/en/2016/02/17/1-sett-maggio-san-francesco-paola/" style="font-size:16px;font-weight:bold;;line-height:24px;"> 1st week of may –  San Francesco da Paola  </a>
								<span class="yuzo_text" style="font-size:12px;" >San Francesco da Paola, the former patron saint

What dominates everything is the devotion to the Madonna della Madia, the only patron saint of the town. However, history and tales taken from ancient sources reveal how the devotion for San Francesco da Paola was also very important, and was the secondary patron saint and the current secondary pro...</span>
						   
						</div>
</div> <style>
						.yuzo_related_post .relatedthumb { background: !important; -webkit-transition: background 0.2s linear; -moz-transition: background 0.2s linear; -o-transition: background 0.2s linear; transition: background 0.2s linear;;color:!important; }
						.yuzo_related_post .relatedthumb:hover{background:#f7f7f7 !important;color:!important;}
						.yuzo_related_post .yuzo_text {color:!important;}
						.yuzo_related_post .relatedthumb:hover .yuzo_text {color:!important;}
						.yuzo_related_post .relatedthumb a{color:!important;}
						.yuzo_related_post .relatedthumb a:hover{color:!important;}
						.yuzo_related_post .relatedthumb:hover a{ color:!important;}
						.yuzo_related_post .relatedthumb{  margin: 0px  0px  0px  0px;   padding: 20px  5px  5px  5px;  }
						.yuzo_related_post .relatedthumb{}
						</style>  <!-- End Yuzo :) -->
