{"id":8586,"date":"2026-01-23T15:45:44","date_gmt":"2026-01-23T14:45:44","guid":{"rendered":"https:\/\/monopolitourism.com\/wp-content\/uploads\/2026\/01\/Dal-22-al-24-gennaio-2026-ce\u0300-il-Festival-dellEducazione.png"},"modified":"2026-01-23T15:45:49","modified_gmt":"2026-01-23T14:45:49","slug":"dal-22-al-24-gennaio-2026-ce-il-festival-delleducazione-2","status":"inherit","type":"attachment","link":"https:\/\/monopolitourism.com\/en\/monopoli-tourism\/dal-22-al-24-gennaio-2026-ce-il-festival-delleducazione-2\/","title":{"rendered":"Dal 22 al 24 gennaio 2026 c\u2019e\u0300 il Festival dell\u2019Educazione"},"author":12,"comment_status":"closed","ping_status":"closed","template":"","meta":[],"acf":[],"description":{"rendered":"<p class=\"attachment\"><a href='https:\/\/monopolitourism.com\/wp-content\/uploads\/2026\/01\/Dal-22-al-24-gennaio-2026-ce\u0300-il-Festival-dellEducazione.png'><img width=\"300\" height=\"169\" src=\"https:\/\/monopolitourism.com\/wp-content\/uploads\/2026\/01\/Dal-22-al-24-gennaio-2026-ce\u0300-il-Festival-dellEducazione.png\" class=\"attachment-medium size-medium\" alt=\"\" decoding=\"async\" loading=\"lazy\" \/><\/a><\/p>\n<p>Dal 22 al 24 gennaio 2026 c\u2019\u00e8 il Festival dell\u2019Educazione<\/p>\n<!-- Begin Yuzo --><div class='yuzo_related_post style-2'  data-version='5.12.82'><!-- without result --><div class='yuzo_clearfixed yuzo__title yuzo__title'><h4>Potrebbe interessarti...<\/h4><\/div>\n\t\t\t\t\t\t<div class=\"relatedthumb yuzo-list  \" style=\"\"  >  \n\t\t\t\t\t\t  <a  href=\"https:\/\/monopolitourism.com\/en\/2016\/05\/04\/15-settembre-30-ottobre-phest\/\" class=\"image-list\"  >\n\t\t\t\t\t\t  <div class=\"yuzo-img-wrap  ilen_shine \" style=\"width: 165px;height:130px;\">\n\t\t\t\t\t\t\t\t\t <span class='shine-effect'><\/span> \n\t\t\t\t\t\t\t\t\t <div class=\"yuzo-img\" style=\"background:url('https:\/\/monopolitourism.com\/wp-content\/uploads\/2016\/05\/phest-300x200.jpg') 50% 50% no-repeat;width: 170px;height:130px;margin-bottom: 5px;background-size:  cover;  \"><\/div>\n\t\t\t\t\t\t  <\/div>\n\t\t\t\t\t\t  <\/a>\n\t\t\t\t\t\t  <a  class=\"link-list yuzo__text--title\" href=\"https:\/\/monopolitourism.com\/en\/2016\/05\/04\/15-settembre-30-ottobre-phest\/\" style=\"font-size:16px;font-weight:bold;;line-height:24px;\"> 15 settembre \/ 30 ottobre \u2013 PhEST  <\/a>\n\t\t\t\t\t\t\t\t<span class=\"yuzo_text\" style=\"font-size:12px;\" >PhEST:\u00a0una\u00a0festa\u00a0della\u00a0fotografia\u00a0a\u00a0Monopoli\r\n\r\n15 settembre -\u00a030 ottobre \/ Castello di Monopoli\r\n\r\nPhEST \u00e8 una festa internazionale della fotografia (Photography) che guarda a EST a partire dal punto di vista privilegiato di Monopoli. La prima edizione di quello che diventer\u00e0 un appuntamento fisso per la citt\u00e0 \u00e8 prevista dal 15 settembre al 30 ott...<\/span>\n\t\t\t\t\t\t   \n\t\t\t\t\t\t<\/div>\n\t\t\t\t\t\t<div class=\"relatedthumb yuzo-list  \" style=\"\"  >  \n\t\t\t\t\t\t  <a  href=\"https:\/\/monopolitourism.com\/en\/2016\/02\/17\/corpus-domini\/\" class=\"image-list\"  >\n\t\t\t\t\t\t  <div class=\"yuzo-img-wrap  ilen_shine \" style=\"width: 165px;height:130px;\">\n\t\t\t\t\t\t\t\t\t <span class='shine-effect'><\/span> \n\t\t\t\t\t\t\t\t\t <div class=\"yuzo-img\" style=\"background:url('https:\/\/monopolitourism.com\/wp-content\/uploads\/2016\/02\/corpus-domini-monopoli-5-1-300x200.jpg') 50% 50% no-repeat;width: 170px;height:130px;margin-bottom: 5px;background-size:  cover;  \"><\/div>\n\t\t\t\t\t\t  <\/div>\n\t\t\t\t\t\t  <\/a>\n\t\t\t\t\t\t  <a  class=\"link-list yuzo__text--title\" href=\"https:\/\/monopolitourism.com\/en\/2016\/02\/17\/corpus-domini\/\" style=\"font-size:16px;font-weight:bold;;line-height:24px;\"> Corpus Domini  <\/a>\n\t\t\t\t\t\t\t\t<span class=\"yuzo_text\" style=\"font-size:12px;\" >An ancient cult\r\n\r\nThe solemnity of Corpus Domini, better called solemnity of the holy \u201cbody and blood of Christ\u201d, is one of the main solemn rituals of the liturgical year for the Catholic Church. It is celebrated on the Thursday following the solemnity of the Most Holy Trinity or on the ninth Sunday after Easter.\r\n\r\nIn the ancient \u201cCapituli della ...<\/span>\n\t\t\t\t\t\t   \n\t\t\t\t\t\t<\/div>\n\t\t\t\t\t\t<div class=\"relatedthumb yuzo-list  \" style=\"\"  >  \n\t\t\t\t\t\t  <a  href=\"https:\/\/monopolitourism.com\/en\/2016\/11\/15\/monopoli-vista-andrea-mastronardi\/\" class=\"image-list\"  >\n\t\t\t\t\t\t  <div class=\"yuzo-img-wrap  ilen_shine \" style=\"width: 165px;height:130px;\">\n\t\t\t\t\t\t\t\t\t <span class='shine-effect'><\/span> \n\t\t\t\t\t\t\t\t\t <div class=\"yuzo-img\" style=\"background:url('https:\/\/monopolitourism.com\/wp-content\/uploads\/2016\/11\/monopoli-vista-da-mastronardi-300x200.jpg') 50% 50% no-repeat;width: 170px;height:130px;margin-bottom: 5px;background-size:  cover;  \"><\/div>\n\t\t\t\t\t\t  <\/div>\n\t\t\t\t\t\t  <\/a>\n\t\t\t\t\t\t  <a  class=\"link-list yuzo__text--title\" href=\"https:\/\/monopolitourism.com\/en\/2016\/11\/15\/monopoli-vista-andrea-mastronardi\/\" style=\"font-size:16px;font-weight:bold;;line-height:24px;\"> Monopoli vista da Andrea Mastronardi  <\/a>\n\t\t\t\t\t\t\t\t<span class=\"yuzo_text\" style=\"font-size:12px;\" ><\/span>\n\t\t\t\t\t\t   \n\t\t\t\t\t\t<\/div>\n\t\t\t\t\t\t<div class=\"relatedthumb yuzo-list  \" style=\"\"  >  \n\t\t\t\t\t\t  <a  href=\"https:\/\/monopolitourism.com\/en\/2022\/08\/23\/panorama-monopoli-a-city-wide-exhibition-curated-by-vincenzo-de-bellis-1-4-september-2022\/\" class=\"image-list\"  >\n\t\t\t\t\t\t  <div class=\"yuzo-img-wrap  ilen_shine \" style=\"width: 165px;height:130px;\">\n\t\t\t\t\t\t\t\t\t <span class='shine-effect'><\/span> \n\t\t\t\t\t\t\t\t\t <div class=\"yuzo-img\" style=\"background:url('https:\/\/monopolitourism.com\/wp-content\/uploads\/2022\/08\/Panorama-Monopoli_locandina-orizzontale_ita_1900x1440-1-300x225.png') 50% 50% no-repeat;width: 170px;height:130px;margin-bottom: 5px;background-size:  cover;  \"><\/div>\n\t\t\t\t\t\t  <\/div>\n\t\t\t\t\t\t  <\/a>\n\t\t\t\t\t\t  <a  class=\"link-list yuzo__text--title\" href=\"https:\/\/monopolitourism.com\/en\/2022\/08\/23\/panorama-monopoli-a-city-wide-exhibition-curated-by-vincenzo-de-bellis-1-4-september-2022\/\" style=\"font-size:16px;font-weight:bold;;line-height:24px;\"> Panorama Monopoli A city-wide exhibition curated b...  <\/a>\n\t\t\t\t\t\t\t\t<span class=\"yuzo_text\" style=\"font-size:12px;\" >ITALICS is the first consortium in Italy to bring together over sixty of the most authoritative galleries of ancient, modern and contemporary art throughout Italy. From Thursday 1 to Sunday 4 September 2022 in Monopoli (Bari), it is presenting the second edition of the city-wide exhibition \u201cPanorama\u201d, curated by Vincenzo de Bellis, Curator and Asso...<\/span>\n\t\t\t\t\t\t   \n\t\t\t\t\t\t<\/div>\n<\/div> <style>\n\t\t\t\t\t\t.yuzo_related_post .relatedthumb { background: !important; -webkit-transition: background 0.2s linear; -moz-transition: background 0.2s linear; -o-transition: background 0.2s linear; transition: background 0.2s linear;;color:!important; }\n\t\t\t\t\t\t.yuzo_related_post .relatedthumb:hover{background:#f7f7f7 !important;color:!important;}\n\t\t\t\t\t\t.yuzo_related_post .yuzo_text {color:!important;}\n\t\t\t\t\t\t.yuzo_related_post .relatedthumb:hover .yuzo_text {color:!important;}\n\t\t\t\t\t\t.yuzo_related_post .relatedthumb a{color:!important;}\n\t\t\t\t\t\t.yuzo_related_post .relatedthumb a:hover{color:!important;}\n\t\t\t\t\t\t.yuzo_related_post .relatedthumb:hover a{ color:!important;}\n\t\t\t\t\t\t.yuzo_related_post .relatedthumb{  margin: 0px  0px  0px  0px;   padding: 20px  5px  5px  5px;  }\n\t\t\t\t\t\t.yuzo_related_post .relatedthumb{}\n\t\t\t\t\t\t<\/style>  <!-- End Yuzo :) -->"},"caption":{"rendered":"<p>Dal 22 al 24 gennaio 2026 c\u2019\u00e8 il Festival dell\u2019Educazione Potrebbe interessarti&#8230; From 21 June 2025 six \u201cNights on the Cathedral&#8230;<\/p>\n"},"alt_text":"","media_type":"image","mime_type":"image\/png","media_details":{"width":1920,"height":1080,"file":"2026\/01\/Dal-22-al-24-gennaio-2026-ce\u0300-il-Festival-dellEducazione.png","filesize":1086869,"sizes":{},"image_meta":{"aperture":"0","credit":"","camera":"","caption":"","created_timestamp":"0","copyright":"","focal_length":"0","iso":"0","shutter_speed":"0","title":"","orientation":"0","keywords":[]}},"post":2102,"source_url":"https:\/\/monopolitourism.com\/wp-content\/uploads\/2026\/01\/Dal-22-al-24-gennaio-2026-ce\u0300-il-Festival-dellEducazione.png","_links":{"self":[{"href":"https:\/\/monopolitourism.com\/en\/wp-json\/wp\/v2\/media\/8586"}],"collection":[{"href":"https:\/\/monopolitourism.com\/en\/wp-json\/wp\/v2\/media"}],"about":[{"href":"https:\/\/monopolitourism.com\/en\/wp-json\/wp\/v2\/types\/attachment"}],"author":[{"embeddable":true,"href":"https:\/\/monopolitourism.com\/en\/wp-json\/wp\/v2\/users\/12"}],"replies":[{"embeddable":true,"href":"https:\/\/monopolitourism.com\/en\/wp-json\/wp\/v2\/comments?post=8586"}]}}

<p class="attachment"><a href='https://monopolitourism.com/wp-content/uploads/2026/01/Dal-22-al-24-gennaio-2026-cè-il-Festival-dellEducazione.png'><img width="300" height="169" src="https://monopolitourism.com/wp-content/uploads/2026/01/Dal-22-al-24-gennaio-2026-cè-il-Festival-dellEducazione.png" class="attachment-medium size-medium" alt="" decoding="async" loading="lazy" /></a></p>
<p>Dal 22 al 24 gennaio 2026 c’è il Festival dell’Educazione</p>
<!-- Begin Yuzo --><div class='yuzo_related_post style-2'  data-version='5.12.82'><!-- without result --><div class='yuzo_clearfixed yuzo__title yuzo__title'><h4>Potrebbe interessarti...</h4></div>
						<div class="relatedthumb yuzo-list  " style=""  >  
						  <a  href="https://monopolitourism.com/en/2016/05/04/15-settembre-30-ottobre-phest/" class="image-list"  >
						  <div class="yuzo-img-wrap  ilen_shine " style="width: 165px;height:130px;">
									 <span class='shine-effect'></span> 
									 <div class="yuzo-img" style="background:url('https://monopolitourism.com/wp-content/uploads/2016/05/phest-300x200.jpg') 50% 50% no-repeat;width: 170px;height:130px;margin-bottom: 5px;background-size:  cover;  "></div>
						  </div>
						  </a>
						  <a  class="link-list yuzo__text--title" href="https://monopolitourism.com/en/2016/05/04/15-settembre-30-ottobre-phest/" style="font-size:16px;font-weight:bold;;line-height:24px;"> 15 settembre / 30 ottobre – PhEST  </a>
								<span class="yuzo_text" style="font-size:12px;" >PhEST: una festa della fotografia a Monopoli

15 settembre - 30 ottobre / Castello di Monopoli

PhEST è una festa internazionale della fotografia (Photography) che guarda a EST a partire dal punto di vista privilegiato di Monopoli. La prima edizione di quello che diventerà un appuntamento fisso per la città è prevista dal 15 settembre al 30 ott...</span>
						   
						</div>
						<div class="relatedthumb yuzo-list  " style=""  >  
						  <a  href="https://monopolitourism.com/en/2016/02/17/corpus-domini/" class="image-list"  >
						  <div class="yuzo-img-wrap  ilen_shine " style="width: 165px;height:130px;">
									 <span class='shine-effect'></span> 
									 <div class="yuzo-img" style="background:url('https://monopolitourism.com/wp-content/uploads/2016/02/corpus-domini-monopoli-5-1-300x200.jpg') 50% 50% no-repeat;width: 170px;height:130px;margin-bottom: 5px;background-size:  cover;  "></div>
						  </div>
						  </a>
						  <a  class="link-list yuzo__text--title" href="https://monopolitourism.com/en/2016/02/17/corpus-domini/" style="font-size:16px;font-weight:bold;;line-height:24px;"> Corpus Domini  </a>
								<span class="yuzo_text" style="font-size:12px;" >An ancient cult

The solemnity of Corpus Domini, better called solemnity of the holy “body and blood of Christ”, is one of the main solemn rituals of the liturgical year for the Catholic Church. It is celebrated on the Thursday following the solemnity of the Most Holy Trinity or on the ninth Sunday after Easter.

In the ancient “Capituli della ...</span>
						   
						</div>
						<div class="relatedthumb yuzo-list  " style=""  >  
						  <a  href="https://monopolitourism.com/en/2016/11/15/monopoli-vista-andrea-mastronardi/" class="image-list"  >
						  <div class="yuzo-img-wrap  ilen_shine " style="width: 165px;height:130px;">
									 <span class='shine-effect'></span> 
									 <div class="yuzo-img" style="background:url('https://monopolitourism.com/wp-content/uploads/2016/11/monopoli-vista-da-mastronardi-300x200.jpg') 50% 50% no-repeat;width: 170px;height:130px;margin-bottom: 5px;background-size:  cover;  "></div>
						  </div>
						  </a>
						  <a  class="link-list yuzo__text--title" href="https://monopolitourism.com/en/2016/11/15/monopoli-vista-andrea-mastronardi/" style="font-size:16px;font-weight:bold;;line-height:24px;"> Monopoli vista da Andrea Mastronardi  </a>
								<span class="yuzo_text" style="font-size:12px;" ></span>
						   
						</div>
						<div class="relatedthumb yuzo-list  " style=""  >  
						  <a  href="https://monopolitourism.com/en/2022/08/23/panorama-monopoli-a-city-wide-exhibition-curated-by-vincenzo-de-bellis-1-4-september-2022/" class="image-list"  >
						  <div class="yuzo-img-wrap  ilen_shine " style="width: 165px;height:130px;">
									 <span class='shine-effect'></span> 
									 <div class="yuzo-img" style="background:url('https://monopolitourism.com/wp-content/uploads/2022/08/Panorama-Monopoli_locandina-orizzontale_ita_1900x1440-1-300x225.png') 50% 50% no-repeat;width: 170px;height:130px;margin-bottom: 5px;background-size:  cover;  "></div>
						  </div>
						  </a>
						  <a  class="link-list yuzo__text--title" href="https://monopolitourism.com/en/2022/08/23/panorama-monopoli-a-city-wide-exhibition-curated-by-vincenzo-de-bellis-1-4-september-2022/" style="font-size:16px;font-weight:bold;;line-height:24px;"> Panorama Monopoli A city-wide exhibition curated b...  </a>
								<span class="yuzo_text" style="font-size:12px;" >ITALICS is the first consortium in Italy to bring together over sixty of the most authoritative galleries of ancient, modern and contemporary art throughout Italy. From Thursday 1 to Sunday 4 September 2022 in Monopoli (Bari), it is presenting the second edition of the city-wide exhibition “Panorama”, curated by Vincenzo de Bellis, Curator and Asso...</span>
						   
						</div>
</div> <style>
						.yuzo_related_post .relatedthumb { background: !important; -webkit-transition: background 0.2s linear; -moz-transition: background 0.2s linear; -o-transition: background 0.2s linear; transition: background 0.2s linear;;color:!important; }
						.yuzo_related_post .relatedthumb:hover{background:#f7f7f7 !important;color:!important;}
						.yuzo_related_post .yuzo_text {color:!important;}
						.yuzo_related_post .relatedthumb:hover .yuzo_text {color:!important;}
						.yuzo_related_post .relatedthumb a{color:!important;}
						.yuzo_related_post .relatedthumb a:hover{color:!important;}
						.yuzo_related_post .relatedthumb:hover a{ color:!important;}
						.yuzo_related_post .relatedthumb{  margin: 0px  0px  0px  0px;   padding: 20px  5px  5px  5px;  }
						.yuzo_related_post .relatedthumb{}
						</style>  <!-- End Yuzo :) -->

<p>Dal 22 al 24 gennaio 2026 c’è il Festival dell’Educazione Potrebbe interessarti&#8230; From 21 June 2025 six “Nights on the Cathedral&#8230;</p>
