{"id":8623,"date":"2026-03-10T15:01:09","date_gmt":"2026-03-10T14:01:09","guid":{"rendered":"https:\/\/monopolitourism.com\/wp-content\/uploads\/2026\/03\/GIORNATE-FAI-2026.jpg"},"modified":"2026-03-10T15:01:23","modified_gmt":"2026-03-10T14:01:23","slug":"giornate-fai-2026-2","status":"inherit","type":"attachment","link":"https:\/\/monopolitourism.com\/en\/giornate-fai-2026-2\/","title":{"rendered":"GIORNATE FAI 2026"},"author":12,"comment_status":"closed","ping_status":"closed","template":"","meta":[],"acf":[],"description":{"rendered":"<p class=\"attachment\"><a href='https:\/\/monopolitourism.com\/wp-content\/uploads\/2026\/03\/GIORNATE-FAI-2026.jpg'><img width=\"240\" height=\"300\" src=\"https:\/\/monopolitourism.com\/wp-content\/uploads\/2026\/03\/GIORNATE-FAI-2026.jpg\" class=\"attachment-medium size-medium\" alt=\"GIORNATE FAI 2026\" decoding=\"async\" loading=\"lazy\" \/><\/a><\/p>\n<p>GIORNATE FAI 2026<\/p>\n<!-- Begin Yuzo --><div class='yuzo_related_post style-2'  data-version='5.12.82'><!-- without result --><div class='yuzo_clearfixed yuzo__title yuzo__title'><h4>Potrebbe interessarti...<\/h4><\/div>\n\t\t\t\t\t\t<div class=\"relatedthumb yuzo-list  \" style=\"\"  >  \n\t\t\t\t\t\t  <a  href=\"https:\/\/monopolitourism.com\/en\/2016\/05\/04\/21-22-luglio-street-art\/\" class=\"image-list\"  >\n\t\t\t\t\t\t  <div class=\"yuzo-img-wrap  ilen_shine \" style=\"width: 165px;height:130px;\">\n\t\t\t\t\t\t\t\t\t <span class='shine-effect'><\/span> \n\t\t\t\t\t\t\t\t\t <div class=\"yuzo-img\" style=\"background:url('https:\/\/monopolitourism.com\/wp-content\/uploads\/2016\/05\/street-art-300x200.jpg') 50% 50% no-repeat;width: 170px;height:130px;margin-bottom: 5px;background-size:  cover;  \"><\/div>\n\t\t\t\t\t\t  <\/div>\n\t\t\t\t\t\t  <\/a>\n\t\t\t\t\t\t  <a  class=\"link-list yuzo__text--title\" href=\"https:\/\/monopolitourism.com\/en\/2016\/05\/04\/21-22-luglio-street-art\/\" style=\"font-size:16px;font-weight:bold;;line-height:24px;\"> 21\/22 luglio \u2013 Street Art  <\/a>\n\t\t\t\t\t\t\t\t<span class=\"yuzo_text\" style=\"font-size:12px;\" >Street Art\r\n\r\n21\/22 luglio\u00a0\u201916\r\n\r\n\"STREET ART\" \u00e8 il titolo di un singolare, ricercato e variegtato evento che si terr\u00e0 nelle date del 21 e 22 luglio '16, a partire dalle ore 21.00 alle ore 24.00. La manifestazione coinvolger\u00e0 la centrale piazza \"Vittorio Emanuele\", sita nel cuore del murattiano della citt\u00e0, ed alcuni dei pi\u00f9 suggestivi scorci e pia...<\/span>\n\t\t\t\t\t\t   \n\t\t\t\t\t\t<\/div>\n\t\t\t\t\t\t<div class=\"relatedthumb yuzo-list  \" style=\"\"  >  \n\t\t\t\t\t\t  <a  href=\"https:\/\/monopolitourism.com\/en\/2021\/07\/30\/ritratti-festival-2021\/\" class=\"image-list\"  >\n\t\t\t\t\t\t  <div class=\"yuzo-img-wrap  ilen_shine \" style=\"width: 165px;height:130px;\">\n\t\t\t\t\t\t\t\t\t <span class='shine-effect'><\/span> \n\t\t\t\t\t\t\t\t\t <div class=\"yuzo-img\" style=\"background:url('https:\/\/monopolitourism.com\/wp-content\/uploads\/2021\/06\/Ritratti-Festival-1-Balconata-di-Palazzo-Martinelli-300x200.jpg') 50% 50% no-repeat;width: 170px;height:130px;margin-bottom: 5px;background-size:  cover;  \"><\/div>\n\t\t\t\t\t\t  <\/div>\n\t\t\t\t\t\t  <\/a>\n\t\t\t\t\t\t  <a  class=\"link-list yuzo__text--title\" href=\"https:\/\/monopolitourism.com\/en\/2021\/07\/30\/ritratti-festival-2021\/\" style=\"font-size:16px;font-weight:bold;;line-height:24px;\"> Ritratti Festival 2021  <\/a>\n\t\t\t\t\t\t\t\t<span class=\"yuzo_text\" style=\"font-size:12px;\" >Monopoli resonates with the Ritratti Festival, XVII edition, a Festival that since 2005 has been bringinging music in the some of the most beautifil venues in Apulian Region.\r\nStarting on sunday, August 1, is the second part of 2021 scheduled program, with a new section called \u00abCineritratti\u00bb. The musical kermesse will lead into a journey back to 19...<\/span>\n\t\t\t\t\t\t   \n\t\t\t\t\t\t<\/div>\n\t\t\t\t\t\t<div class=\"relatedthumb yuzo-list  \" style=\"\"  >  \n\t\t\t\t\t\t  <a  href=\"https:\/\/monopolitourism.com\/en\/2025\/06\/20\/dal-21-giugno-2025-sei-notti-sul-sagrato-della-cattedrale\/\" class=\"image-list\"  >\n\t\t\t\t\t\t  <div class=\"yuzo-img-wrap  ilen_shine \" style=\"width: 165px;height:130px;\">\n\t\t\t\t\t\t\t\t\t <span class='shine-effect'><\/span> \n\t\t\t\t\t\t\t\t\t <div class=\"yuzo-img\" style=\"background:url('https:\/\/monopolitourism.com\/wp-content\/uploads\/2025\/06\/Dal-21-giugno-2025-sei-Notti-sul-Sagrato-della-Cattedrale-MONOPOLI.png') 50% 50% no-repeat;width: 170px;height:130px;margin-bottom: 5px;background-size:  cover;  \"><\/div>\n\t\t\t\t\t\t  <\/div>\n\t\t\t\t\t\t  <\/a>\n\t\t\t\t\t\t  <a  class=\"link-list yuzo__text--title\" href=\"https:\/\/monopolitourism.com\/en\/2025\/06\/20\/dal-21-giugno-2025-sei-notti-sul-sagrato-della-cattedrale\/\" style=\"font-size:16px;font-weight:bold;;line-height:24px;\"> From 21 June 2025 six \u201cNights on the Cathedral Squ...  <\/a>\n\t\t\t\t\t\t\t\t<span class=\"yuzo_text\" style=\"font-size:12px;\" >Opening night with the preview of the Ritratti Festival and the Rota Conservatory Orchestra\r\nThis year too, Monopoli is preparing to experience a summer dedicated to music and beauty with \u201cNotti sul Sagrato 2025\u201d, the event that transforms the heart of the historic center into a shared space of art and culture. A series of concerts by the Departmen...<\/span>\n\t\t\t\t\t\t   \n\t\t\t\t\t\t<\/div>\n\t\t\t\t\t\t<div class=\"relatedthumb yuzo-list  \" style=\"\"  >  \n\t\t\t\t\t\t  <a  href=\"https:\/\/monopolitourism.com\/en\/2016\/05\/04\/luglio-2016-vite-rupestri-narrazioni-dal-passato\/\" class=\"image-list\"  >\n\t\t\t\t\t\t  <div class=\"yuzo-img-wrap  ilen_shine \" style=\"width: 165px;height:130px;\">\n\t\t\t\t\t\t\t\t\t <span class='shine-effect'><\/span> \n\t\t\t\t\t\t\t\t\t <div class=\"yuzo-img\" style=\"background:url('https:\/\/monopolitourism.com\/wp-content\/uploads\/2016\/05\/vite-rupestri-site-300x200.jpg') 50% 50% no-repeat;width: 170px;height:130px;margin-bottom: 5px;background-size:  cover;  \"><\/div>\n\t\t\t\t\t\t  <\/div>\n\t\t\t\t\t\t  <\/a>\n\t\t\t\t\t\t  <a  class=\"link-list yuzo__text--title\" href=\"https:\/\/monopolitourism.com\/en\/2016\/05\/04\/luglio-2016-vite-rupestri-narrazioni-dal-passato\/\" style=\"font-size:16px;font-weight:bold;;line-height:24px;\"> Luglio 2016 \u2013 \u201cVite Rupestri\u201d Na...  <\/a>\n\t\t\t\t\t\t\t\t<span class=\"yuzo_text\" style=\"font-size:12px;\" >Programma degli eventi luglio \u201916\r\n\r\nSi intitola \u201cVite rupestri \u2013 narrazioni dal passato\u201d , il progetto culturale che scommette sulla valorizzazione delle chiese rupestri locali e sulla destagionalizzazione turistica. Arte visive, musica, teatro, incontri e cultura. Sono questi alcuni degli \u201cingredienti\u201d di una progettualit\u00e0 che coinvolge anche le ...<\/span>\n\t\t\t\t\t\t   \n\t\t\t\t\t\t<\/div>\n<\/div> <style>\n\t\t\t\t\t\t.yuzo_related_post .relatedthumb { background: !important; -webkit-transition: background 0.2s linear; -moz-transition: background 0.2s linear; -o-transition: background 0.2s linear; transition: background 0.2s linear;;color:!important; }\n\t\t\t\t\t\t.yuzo_related_post .relatedthumb:hover{background:#f7f7f7 !important;color:!important;}\n\t\t\t\t\t\t.yuzo_related_post .yuzo_text {color:!important;}\n\t\t\t\t\t\t.yuzo_related_post .relatedthumb:hover .yuzo_text {color:!important;}\n\t\t\t\t\t\t.yuzo_related_post .relatedthumb a{color:!important;}\n\t\t\t\t\t\t.yuzo_related_post .relatedthumb a:hover{color:!important;}\n\t\t\t\t\t\t.yuzo_related_post .relatedthumb:hover a{ color:!important;}\n\t\t\t\t\t\t.yuzo_related_post .relatedthumb{  margin: 0px  0px  0px  0px;   padding: 20px  5px  5px  5px;  }\n\t\t\t\t\t\t.yuzo_related_post .relatedthumb{}\n\t\t\t\t\t\t<\/style>  <!-- End Yuzo :) -->"},"caption":{"rendered":"<p>GIORNATE FAI 2026<\/p>\n"},"alt_text":"GIORNATE FAI 2026","media_type":"image","mime_type":"image\/jpeg","media_details":{"width":1080,"height":1350,"file":"2026\/03\/GIORNATE-FAI-2026.jpg","filesize":201100,"sizes":{},"image_meta":{"aperture":"0","credit":"","camera":"","caption":"","created_timestamp":"0","copyright":"","focal_length":"0","iso":"0","shutter_speed":"0","title":"","orientation":"1","keywords":[]}},"post":null,"source_url":"https:\/\/monopolitourism.com\/wp-content\/uploads\/2026\/03\/GIORNATE-FAI-2026.jpg","_links":{"self":[{"href":"https:\/\/monopolitourism.com\/en\/wp-json\/wp\/v2\/media\/8623"}],"collection":[{"href":"https:\/\/monopolitourism.com\/en\/wp-json\/wp\/v2\/media"}],"about":[{"href":"https:\/\/monopolitourism.com\/en\/wp-json\/wp\/v2\/types\/attachment"}],"author":[{"embeddable":true,"href":"https:\/\/monopolitourism.com\/en\/wp-json\/wp\/v2\/users\/12"}],"replies":[{"embeddable":true,"href":"https:\/\/monopolitourism.com\/en\/wp-json\/wp\/v2\/comments?post=8623"}]}}

<p class="attachment"><a href='https://monopolitourism.com/wp-content/uploads/2026/03/GIORNATE-FAI-2026.jpg'><img width="240" height="300" src="https://monopolitourism.com/wp-content/uploads/2026/03/GIORNATE-FAI-2026.jpg" class="attachment-medium size-medium" alt="GIORNATE FAI 2026" decoding="async" loading="lazy" /></a></p>
<p>GIORNATE FAI 2026</p>
<!-- Begin Yuzo --><div class='yuzo_related_post style-2'  data-version='5.12.82'><!-- without result --><div class='yuzo_clearfixed yuzo__title yuzo__title'><h4>Potrebbe interessarti...</h4></div>
						<div class="relatedthumb yuzo-list  " style=""  >  
						  <a  href="https://monopolitourism.com/en/2016/05/04/21-22-luglio-street-art/" class="image-list"  >
						  <div class="yuzo-img-wrap  ilen_shine " style="width: 165px;height:130px;">
									 <span class='shine-effect'></span> 
									 <div class="yuzo-img" style="background:url('https://monopolitourism.com/wp-content/uploads/2016/05/street-art-300x200.jpg') 50% 50% no-repeat;width: 170px;height:130px;margin-bottom: 5px;background-size:  cover;  "></div>
						  </div>
						  </a>
						  <a  class="link-list yuzo__text--title" href="https://monopolitourism.com/en/2016/05/04/21-22-luglio-street-art/" style="font-size:16px;font-weight:bold;;line-height:24px;"> 21/22 luglio – Street Art  </a>
								<span class="yuzo_text" style="font-size:12px;" >Street Art

21/22 luglio ’16

"STREET ART" è il titolo di un singolare, ricercato e variegtato evento che si terrà nelle date del 21 e 22 luglio '16, a partire dalle ore 21.00 alle ore 24.00. La manifestazione coinvolgerà la centrale piazza "Vittorio Emanuele", sita nel cuore del murattiano della città, ed alcuni dei più suggestivi scorci e pia...</span>
						   
						</div>
						<div class="relatedthumb yuzo-list  " style=""  >  
						  <a  href="https://monopolitourism.com/en/2021/07/30/ritratti-festival-2021/" class="image-list"  >
						  <div class="yuzo-img-wrap  ilen_shine " style="width: 165px;height:130px;">
									 <span class='shine-effect'></span> 
									 <div class="yuzo-img" style="background:url('https://monopolitourism.com/wp-content/uploads/2021/06/Ritratti-Festival-1-Balconata-di-Palazzo-Martinelli-300x200.jpg') 50% 50% no-repeat;width: 170px;height:130px;margin-bottom: 5px;background-size:  cover;  "></div>
						  </div>
						  </a>
						  <a  class="link-list yuzo__text--title" href="https://monopolitourism.com/en/2021/07/30/ritratti-festival-2021/" style="font-size:16px;font-weight:bold;;line-height:24px;"> Ritratti Festival 2021  </a>
								<span class="yuzo_text" style="font-size:12px;" >Monopoli resonates with the Ritratti Festival, XVII edition, a Festival that since 2005 has been bringinging music in the some of the most beautifil venues in Apulian Region.
Starting on sunday, August 1, is the second part of 2021 scheduled program, with a new section called «Cineritratti». The musical kermesse will lead into a journey back to 19...</span>
						   
						</div>
						<div class="relatedthumb yuzo-list  " style=""  >  
						  <a  href="https://monopolitourism.com/en/2025/06/20/dal-21-giugno-2025-sei-notti-sul-sagrato-della-cattedrale/" class="image-list"  >
						  <div class="yuzo-img-wrap  ilen_shine " style="width: 165px;height:130px;">
									 <span class='shine-effect'></span> 
									 <div class="yuzo-img" style="background:url('https://monopolitourism.com/wp-content/uploads/2025/06/Dal-21-giugno-2025-sei-Notti-sul-Sagrato-della-Cattedrale-MONOPOLI.png') 50% 50% no-repeat;width: 170px;height:130px;margin-bottom: 5px;background-size:  cover;  "></div>
						  </div>
						  </a>
						  <a  class="link-list yuzo__text--title" href="https://monopolitourism.com/en/2025/06/20/dal-21-giugno-2025-sei-notti-sul-sagrato-della-cattedrale/" style="font-size:16px;font-weight:bold;;line-height:24px;"> From 21 June 2025 six “Nights on the Cathedral Squ...  </a>
								<span class="yuzo_text" style="font-size:12px;" >Opening night with the preview of the Ritratti Festival and the Rota Conservatory Orchestra
This year too, Monopoli is preparing to experience a summer dedicated to music and beauty with “Notti sul Sagrato 2025”, the event that transforms the heart of the historic center into a shared space of art and culture. A series of concerts by the Departmen...</span>
						   
						</div>
						<div class="relatedthumb yuzo-list  " style=""  >  
						  <a  href="https://monopolitourism.com/en/2016/05/04/luglio-2016-vite-rupestri-narrazioni-dal-passato/" class="image-list"  >
						  <div class="yuzo-img-wrap  ilen_shine " style="width: 165px;height:130px;">
									 <span class='shine-effect'></span> 
									 <div class="yuzo-img" style="background:url('https://monopolitourism.com/wp-content/uploads/2016/05/vite-rupestri-site-300x200.jpg') 50% 50% no-repeat;width: 170px;height:130px;margin-bottom: 5px;background-size:  cover;  "></div>
						  </div>
						  </a>
						  <a  class="link-list yuzo__text--title" href="https://monopolitourism.com/en/2016/05/04/luglio-2016-vite-rupestri-narrazioni-dal-passato/" style="font-size:16px;font-weight:bold;;line-height:24px;"> Luglio 2016 – “Vite Rupestri” Na...  </a>
								<span class="yuzo_text" style="font-size:12px;" >Programma degli eventi luglio ’16

Si intitola “Vite rupestri – narrazioni dal passato” , il progetto culturale che scommette sulla valorizzazione delle chiese rupestri locali e sulla destagionalizzazione turistica. Arte visive, musica, teatro, incontri e cultura. Sono questi alcuni degli “ingredienti” di una progettualità che coinvolge anche le ...</span>
						   
						</div>
</div> <style>
						.yuzo_related_post .relatedthumb { background: !important; -webkit-transition: background 0.2s linear; -moz-transition: background 0.2s linear; -o-transition: background 0.2s linear; transition: background 0.2s linear;;color:!important; }
						.yuzo_related_post .relatedthumb:hover{background:#f7f7f7 !important;color:!important;}
						.yuzo_related_post .yuzo_text {color:!important;}
						.yuzo_related_post .relatedthumb:hover .yuzo_text {color:!important;}
						.yuzo_related_post .relatedthumb a{color:!important;}
						.yuzo_related_post .relatedthumb a:hover{color:!important;}
						.yuzo_related_post .relatedthumb:hover a{ color:!important;}
						.yuzo_related_post .relatedthumb{  margin: 0px  0px  0px  0px;   padding: 20px  5px  5px  5px;  }
						.yuzo_related_post .relatedthumb{}
						</style>  <!-- End Yuzo :) -->
