{"id":8708,"date":"2026-03-30T18:09:55","date_gmt":"2026-03-30T16:09:55","guid":{"rendered":"https:\/\/monopolitourism.com\/wp-content\/uploads\/2026\/03\/Alla-scoperta-di-Monopoli-e-delle-sue-contrade-\u2013-Spring-Edition.png"},"modified":"2026-03-30T18:10:22","modified_gmt":"2026-03-30T16:10:22","slug":"alla-scoperta-di-monopoli-e-delle-sue-contrade-spring-edition-2","status":"inherit","type":"attachment","link":"https:\/\/monopolitourism.com\/en\/alla-scoperta-di-monopoli-e-delle-sue-contrade-spring-edition-2\/","title":{"rendered":"Alla scoperta di Monopoli e delle sue contrade \u2013 Spring Edition"},"author":12,"comment_status":"closed","ping_status":"closed","template":"","meta":[],"acf":[],"description":{"rendered":"<p class=\"attachment\"><a href='https:\/\/monopolitourism.com\/wp-content\/uploads\/2026\/03\/Alla-scoperta-di-Monopoli-e-delle-sue-contrade-\u2013-Spring-Edition.png'><img width=\"300\" height=\"169\" src=\"https:\/\/monopolitourism.com\/wp-content\/uploads\/2026\/03\/Alla-scoperta-di-Monopoli-e-delle-sue-contrade-\u2013-Spring-Edition.png\" class=\"attachment-medium size-medium\" alt=\"Alla scoperta di Monopoli e delle sue contrade \u2013  Eventi Spring Edition\" decoding=\"async\" loading=\"lazy\" \/><\/a><\/p>\n<!-- Begin Yuzo --><div class='yuzo_related_post style-2'  data-version='5.12.82'><!-- without result --><div class='yuzo_clearfixed yuzo__title yuzo__title'><h4>Potrebbe interessarti...<\/h4><\/div>\n\t\t\t\t\t\t<div class=\"relatedthumb yuzo-list  \" style=\"\"  >  \n\t\t\t\t\t\t  <a  href=\"https:\/\/monopolitourism.com\/en\/2016\/11\/15\/monopoli-vista-andrea-mastronardi\/\" class=\"image-list\"  >\n\t\t\t\t\t\t  <div class=\"yuzo-img-wrap  ilen_shine \" style=\"width: 165px;height:130px;\">\n\t\t\t\t\t\t\t\t\t <span class='shine-effect'><\/span> \n\t\t\t\t\t\t\t\t\t <div class=\"yuzo-img\" style=\"background:url('https:\/\/monopolitourism.com\/wp-content\/uploads\/2016\/11\/monopoli-vista-da-mastronardi-300x200.jpg') 50% 50% no-repeat;width: 170px;height:130px;margin-bottom: 5px;background-size:  cover;  \"><\/div>\n\t\t\t\t\t\t  <\/div>\n\t\t\t\t\t\t  <\/a>\n\t\t\t\t\t\t  <a  class=\"link-list yuzo__text--title\" href=\"https:\/\/monopolitourism.com\/en\/2016\/11\/15\/monopoli-vista-andrea-mastronardi\/\" style=\"font-size:16px;font-weight:bold;;line-height:24px;\"> Monopoli vista da Andrea Mastronardi  <\/a>\n\t\t\t\t\t\t\t\t<span class=\"yuzo_text\" style=\"font-size:12px;\" ><\/span>\n\t\t\t\t\t\t   \n\t\t\t\t\t\t<\/div>\n\t\t\t\t\t\t<div class=\"relatedthumb yuzo-list  \" style=\"\"  >  \n\t\t\t\t\t\t  <a  href=\"https:\/\/monopolitourism.com\/en\/2023\/05\/16\/refvgivm-peccatorvm-exhibition-at-the-bomb-shelters\/\" class=\"image-list\"  >\n\t\t\t\t\t\t  <div class=\"yuzo-img-wrap  ilen_shine \" style=\"width: 165px;height:130px;\">\n\t\t\t\t\t\t\t\t\t <span class='shine-effect'><\/span> \n\t\t\t\t\t\t\t\t\t <div class=\"yuzo-img\" style=\"background:url('https:\/\/monopolitourism.com\/wp-content\/uploads\/2023\/03\/bozza2.REFUGIUM_Poster.jpg') 50% 50% no-repeat;width: 170px;height:130px;margin-bottom: 5px;background-size:  cover;  \"><\/div>\n\t\t\t\t\t\t  <\/div>\n\t\t\t\t\t\t  <\/a>\n\t\t\t\t\t\t  <a  class=\"link-list yuzo__text--title\" href=\"https:\/\/monopolitourism.com\/en\/2023\/05\/16\/refvgivm-peccatorvm-exhibition-at-the-bomb-shelters\/\" style=\"font-size:16px;font-weight:bold;;line-height:24px;\"> REFVGIVM PECCATORVM, exhibition at the Bomb Shelte...  <\/a>\n\t\t\t\t\t\t\t\t<span class=\"yuzo_text\" style=\"font-size:12px;\" >The term Refugium peccatorum - the Christian title given to the figure of the Virgin - designates icons and sacred places to which sinners can address invocations for the salvation of their souls condemned to eternal suffering. In common parlance, the Latin locution refers to any context and condition in which men end up securing some form of escap...<\/span>\n\t\t\t\t\t\t   \n\t\t\t\t\t\t<\/div>\n\t\t\t\t\t\t<div class=\"relatedthumb yuzo-list  \" style=\"\"  >  \n\t\t\t\t\t\t  <a  href=\"https:\/\/monopolitourism.com\/en\/2016\/02\/17\/1st-week-of-june-celebration-of-the-doctors-saints\/\" class=\"image-list\"  >\n\t\t\t\t\t\t  <div class=\"yuzo-img-wrap  ilen_shine \" style=\"width: 165px;height:130px;\">\n\t\t\t\t\t\t\t\t\t <span class='shine-effect'><\/span> \n\t\t\t\t\t\t\t\t\t <div class=\"yuzo-img\" style=\"background:url('https:\/\/monopolitourism.com\/wp-content\/uploads\/2016\/02\/santi-medici-monopoli-1-300x200.jpg') 50% 50% no-repeat;width: 170px;height:130px;margin-bottom: 5px;background-size:  cover;  \"><\/div>\n\t\t\t\t\t\t  <\/div>\n\t\t\t\t\t\t  <\/a>\n\t\t\t\t\t\t  <a  class=\"link-list yuzo__text--title\" href=\"https:\/\/monopolitourism.com\/en\/2016\/02\/17\/1st-week-of-june-celebration-of-the-doctors-saints\/\" style=\"font-size:16px;font-weight:bold;;line-height:24px;\"> 1st week of June \u2013 Celebration of the Doctors Sain...  <\/a>\n\t\t\t\t\t\t\t\t<span class=\"yuzo_text\" style=\"font-size:12px;\" >The people\u2019s festival\r\n\r\nThrough the celebrations in honour of the Saints Cosma and Damiano you will experience one of the most emotional and touching experiences of religious tourism. The citizens of Monopoli have a special devotion for tradition, with the two monks venerated with celebrations almost as much as those reserved for Madonna della Mad...<\/span>\n\t\t\t\t\t\t   \n\t\t\t\t\t\t<\/div>\n\t\t\t\t\t\t<div class=\"relatedthumb yuzo-list  \" style=\"\"  >  \n\t\t\t\t\t\t  <a  href=\"https:\/\/monopolitourism.com\/en\/2016\/05\/04\/15-settembre-30-ottobre-phest\/\" class=\"image-list\"  >\n\t\t\t\t\t\t  <div class=\"yuzo-img-wrap  ilen_shine \" style=\"width: 165px;height:130px;\">\n\t\t\t\t\t\t\t\t\t <span class='shine-effect'><\/span> \n\t\t\t\t\t\t\t\t\t <div class=\"yuzo-img\" style=\"background:url('https:\/\/monopolitourism.com\/wp-content\/uploads\/2016\/05\/phest-300x200.jpg') 50% 50% no-repeat;width: 170px;height:130px;margin-bottom: 5px;background-size:  cover;  \"><\/div>\n\t\t\t\t\t\t  <\/div>\n\t\t\t\t\t\t  <\/a>\n\t\t\t\t\t\t  <a  class=\"link-list yuzo__text--title\" href=\"https:\/\/monopolitourism.com\/en\/2016\/05\/04\/15-settembre-30-ottobre-phest\/\" style=\"font-size:16px;font-weight:bold;;line-height:24px;\"> 15 settembre \/ 30 ottobre \u2013 PhEST  <\/a>\n\t\t\t\t\t\t\t\t<span class=\"yuzo_text\" style=\"font-size:12px;\" >PhEST:\u00a0una\u00a0festa\u00a0della\u00a0fotografia\u00a0a\u00a0Monopoli\r\n\r\n15 settembre -\u00a030 ottobre \/ Castello di Monopoli\r\n\r\nPhEST \u00e8 una festa internazionale della fotografia (Photography) che guarda a EST a partire dal punto di vista privilegiato di Monopoli. La prima edizione di quello che diventer\u00e0 un appuntamento fisso per la citt\u00e0 \u00e8 prevista dal 15 settembre al 30 ott...<\/span>\n\t\t\t\t\t\t   \n\t\t\t\t\t\t<\/div>\n<\/div> <style>\n\t\t\t\t\t\t.yuzo_related_post .relatedthumb { background: !important; -webkit-transition: background 0.2s linear; -moz-transition: background 0.2s linear; -o-transition: background 0.2s linear; transition: background 0.2s linear;;color:!important; }\n\t\t\t\t\t\t.yuzo_related_post .relatedthumb:hover{background:#f7f7f7 !important;color:!important;}\n\t\t\t\t\t\t.yuzo_related_post .yuzo_text {color:!important;}\n\t\t\t\t\t\t.yuzo_related_post .relatedthumb:hover .yuzo_text {color:!important;}\n\t\t\t\t\t\t.yuzo_related_post .relatedthumb a{color:!important;}\n\t\t\t\t\t\t.yuzo_related_post .relatedthumb a:hover{color:!important;}\n\t\t\t\t\t\t.yuzo_related_post .relatedthumb:hover a{ color:!important;}\n\t\t\t\t\t\t.yuzo_related_post .relatedthumb{  margin: 0px  0px  0px  0px;   padding: 20px  5px  5px  5px;  }\n\t\t\t\t\t\t.yuzo_related_post .relatedthumb{}\n\t\t\t\t\t\t<\/style>  <!-- End Yuzo :) -->"},"caption":{"rendered":"<p>Potrebbe interessarti&#8230; Immersioni e Snorkeling Hai voglia di vivere un\u2019esperienza indimenticabile? Hai pensato ad un\u2019avventura subacquea? Visiteremo i fondali delle coste&#8230;<\/p>\n"},"alt_text":"Alla scoperta di Monopoli e delle sue contrade \u2013  Eventi Spring Edition","media_type":"image","mime_type":"image\/png","media_details":{"width":1920,"height":1080,"file":"2026\/03\/Alla-scoperta-di-Monopoli-e-delle-sue-contrade-\u2013-Spring-Edition.png","filesize":917131,"sizes":{},"image_meta":{"aperture":"0","credit":"","camera":"","caption":"","created_timestamp":"0","copyright":"","focal_length":"0","iso":"0","shutter_speed":"0","title":"","orientation":"0","keywords":[]}},"post":null,"source_url":"https:\/\/monopolitourism.com\/wp-content\/uploads\/2026\/03\/Alla-scoperta-di-Monopoli-e-delle-sue-contrade-\u2013-Spring-Edition.png","_links":{"self":[{"href":"https:\/\/monopolitourism.com\/en\/wp-json\/wp\/v2\/media\/8708"}],"collection":[{"href":"https:\/\/monopolitourism.com\/en\/wp-json\/wp\/v2\/media"}],"about":[{"href":"https:\/\/monopolitourism.com\/en\/wp-json\/wp\/v2\/types\/attachment"}],"author":[{"embeddable":true,"href":"https:\/\/monopolitourism.com\/en\/wp-json\/wp\/v2\/users\/12"}],"replies":[{"embeddable":true,"href":"https:\/\/monopolitourism.com\/en\/wp-json\/wp\/v2\/comments?post=8708"}]}}

<p class="attachment"><a href='https://monopolitourism.com/wp-content/uploads/2026/03/Alla-scoperta-di-Monopoli-e-delle-sue-contrade-–-Spring-Edition.png'><img width="300" height="169" src="https://monopolitourism.com/wp-content/uploads/2026/03/Alla-scoperta-di-Monopoli-e-delle-sue-contrade-–-Spring-Edition.png" class="attachment-medium size-medium" alt="Alla scoperta di Monopoli e delle sue contrade –  Eventi Spring Edition" decoding="async" loading="lazy" /></a></p>
<!-- Begin Yuzo --><div class='yuzo_related_post style-2'  data-version='5.12.82'><!-- without result --><div class='yuzo_clearfixed yuzo__title yuzo__title'><h4>Potrebbe interessarti...</h4></div>
						<div class="relatedthumb yuzo-list  " style=""  >  
						  <a  href="https://monopolitourism.com/en/2016/11/15/monopoli-vista-andrea-mastronardi/" class="image-list"  >
						  <div class="yuzo-img-wrap  ilen_shine " style="width: 165px;height:130px;">
									 <span class='shine-effect'></span> 
									 <div class="yuzo-img" style="background:url('https://monopolitourism.com/wp-content/uploads/2016/11/monopoli-vista-da-mastronardi-300x200.jpg') 50% 50% no-repeat;width: 170px;height:130px;margin-bottom: 5px;background-size:  cover;  "></div>
						  </div>
						  </a>
						  <a  class="link-list yuzo__text--title" href="https://monopolitourism.com/en/2016/11/15/monopoli-vista-andrea-mastronardi/" style="font-size:16px;font-weight:bold;;line-height:24px;"> Monopoli vista da Andrea Mastronardi  </a>
								<span class="yuzo_text" style="font-size:12px;" ></span>
						   
						</div>
						<div class="relatedthumb yuzo-list  " style=""  >  
						  <a  href="https://monopolitourism.com/en/2023/05/16/refvgivm-peccatorvm-exhibition-at-the-bomb-shelters/" class="image-list"  >
						  <div class="yuzo-img-wrap  ilen_shine " style="width: 165px;height:130px;">
									 <span class='shine-effect'></span> 
									 <div class="yuzo-img" style="background:url('https://monopolitourism.com/wp-content/uploads/2023/03/bozza2.REFUGIUM_Poster.jpg') 50% 50% no-repeat;width: 170px;height:130px;margin-bottom: 5px;background-size:  cover;  "></div>
						  </div>
						  </a>
						  <a  class="link-list yuzo__text--title" href="https://monopolitourism.com/en/2023/05/16/refvgivm-peccatorvm-exhibition-at-the-bomb-shelters/" style="font-size:16px;font-weight:bold;;line-height:24px;"> REFVGIVM PECCATORVM, exhibition at the Bomb Shelte...  </a>
								<span class="yuzo_text" style="font-size:12px;" >The term Refugium peccatorum - the Christian title given to the figure of the Virgin - designates icons and sacred places to which sinners can address invocations for the salvation of their souls condemned to eternal suffering. In common parlance, the Latin locution refers to any context and condition in which men end up securing some form of escap...</span>
						   
						</div>
						<div class="relatedthumb yuzo-list  " style=""  >  
						  <a  href="https://monopolitourism.com/en/2016/02/17/1st-week-of-june-celebration-of-the-doctors-saints/" class="image-list"  >
						  <div class="yuzo-img-wrap  ilen_shine " style="width: 165px;height:130px;">
									 <span class='shine-effect'></span> 
									 <div class="yuzo-img" style="background:url('https://monopolitourism.com/wp-content/uploads/2016/02/santi-medici-monopoli-1-300x200.jpg') 50% 50% no-repeat;width: 170px;height:130px;margin-bottom: 5px;background-size:  cover;  "></div>
						  </div>
						  </a>
						  <a  class="link-list yuzo__text--title" href="https://monopolitourism.com/en/2016/02/17/1st-week-of-june-celebration-of-the-doctors-saints/" style="font-size:16px;font-weight:bold;;line-height:24px;"> 1st week of June – Celebration of the Doctors Sain...  </a>
								<span class="yuzo_text" style="font-size:12px;" >The people’s festival

Through the celebrations in honour of the Saints Cosma and Damiano you will experience one of the most emotional and touching experiences of religious tourism. The citizens of Monopoli have a special devotion for tradition, with the two monks venerated with celebrations almost as much as those reserved for Madonna della Mad...</span>
						   
						</div>
						<div class="relatedthumb yuzo-list  " style=""  >  
						  <a  href="https://monopolitourism.com/en/2016/05/04/15-settembre-30-ottobre-phest/" class="image-list"  >
						  <div class="yuzo-img-wrap  ilen_shine " style="width: 165px;height:130px;">
									 <span class='shine-effect'></span> 
									 <div class="yuzo-img" style="background:url('https://monopolitourism.com/wp-content/uploads/2016/05/phest-300x200.jpg') 50% 50% no-repeat;width: 170px;height:130px;margin-bottom: 5px;background-size:  cover;  "></div>
						  </div>
						  </a>
						  <a  class="link-list yuzo__text--title" href="https://monopolitourism.com/en/2016/05/04/15-settembre-30-ottobre-phest/" style="font-size:16px;font-weight:bold;;line-height:24px;"> 15 settembre / 30 ottobre – PhEST  </a>
								<span class="yuzo_text" style="font-size:12px;" >PhEST: una festa della fotografia a Monopoli

15 settembre - 30 ottobre / Castello di Monopoli

PhEST è una festa internazionale della fotografia (Photography) che guarda a EST a partire dal punto di vista privilegiato di Monopoli. La prima edizione di quello che diventerà un appuntamento fisso per la città è prevista dal 15 settembre al 30 ott...</span>
						   
						</div>
</div> <style>
						.yuzo_related_post .relatedthumb { background: !important; -webkit-transition: background 0.2s linear; -moz-transition: background 0.2s linear; -o-transition: background 0.2s linear; transition: background 0.2s linear;;color:!important; }
						.yuzo_related_post .relatedthumb:hover{background:#f7f7f7 !important;color:!important;}
						.yuzo_related_post .yuzo_text {color:!important;}
						.yuzo_related_post .relatedthumb:hover .yuzo_text {color:!important;}
						.yuzo_related_post .relatedthumb a{color:!important;}
						.yuzo_related_post .relatedthumb a:hover{color:!important;}
						.yuzo_related_post .relatedthumb:hover a{ color:!important;}
						.yuzo_related_post .relatedthumb{  margin: 0px  0px  0px  0px;   padding: 20px  5px  5px  5px;  }
						.yuzo_related_post .relatedthumb{}
						</style>  <!-- End Yuzo :) -->
